{"id":3008,"date":"2021-05-17T18:35:10","date_gmt":"2021-05-17T18:35:10","guid":{"rendered":"https:\/\/www.megaglass.com.mx\/blog\/?page_id=3008"},"modified":"2021-05-17T18:40:34","modified_gmt":"2021-05-17T18:40:34","slug":"impresion-en-vidrio","status":"publish","type":"page","link":"https:\/\/www.megaglass.com.mx\/blog\/impresion-en-vidrio\/","title":{"rendered":"Impresi\u00f3n digital en vidrio templado"},"content":{"rendered":"\n<div class=\"wp-block-cover has-background-dim-70 has-background-dim alignfull\" style=\"background-color:#001f5b;min-height:300px;aspect-ratio:unset;\"><img loading=\"lazy\" decoding=\"async\" width=\"1500\" height=\"300\" class=\"wp-block-cover__image-background wp-image-3149\" alt=\"\" src=\"https:\/\/www.megaglass.com.mx\/blog\/wp-content\/uploads\/2021\/05\/impresion-de-vidrio-templado.jpg\" data-object-fit=\"cover\" srcset=\"https:\/\/www.megaglass.com.mx\/blog\/wp-content\/uploads\/2021\/05\/impresion-de-vidrio-templado.jpg 1500w, https:\/\/www.megaglass.com.mx\/blog\/wp-content\/uploads\/2021\/05\/impresion-de-vidrio-templado-150x30.jpg 150w, https:\/\/www.megaglass.com.mx\/blog\/wp-content\/uploads\/2021\/05\/impresion-de-vidrio-templado-1024x205.jpg 1024w, https:\/\/www.megaglass.com.mx\/blog\/wp-content\/uploads\/2021\/05\/impresion-de-vidrio-templado-768x154.jpg 768w\" sizes=\"auto, (max-width: 1500px) 100vw, 1500px\" \/><div class=\"wp-block-cover__inner-container is-layout-flow wp-block-cover-is-layout-flow\">\n<h1 class=\"wp-block-heading\"><span class=\"ez-toc-section\" id=\"Impresion_digital_en_vidrio_templado\"><\/span>Impresi\u00f3n digital en vidrio templado<span class=\"ez-toc-section-end\"><\/span><\/h1><div id=\"ez-toc-container\" class=\"ez-toc-v2_0_16 counter-hierarchy counter-decimal ez-toc-transparent\">\n<div class=\"ez-toc-title-container\">\n<p class=\"ez-toc-title\">&Iacute;ndice<\/p>\n<span class=\"ez-toc-title-toggle\"><a class=\"ez-toc-pull-right ez-toc-btn ez-toc-btn-xs ez-toc-btn-default ez-toc-toggle\" style=\"display: none;\"><i class=\"ez-toc-glyphicon ez-toc-icon-toggle\"><\/i><\/a><\/span><\/div>\n<nav><ul class=\"ez-toc-list ez-toc-list-level-1\"><li class=\"ez-toc-page-1 ez-toc-heading-level-1\"><a class=\"ez-toc-link ez-toc-heading-1\" href=\"https:\/\/www.megaglass.com.mx\/blog\/impresion-en-vidrio\/#Impresion_digital_en_vidrio_templado\" title=\"Impresi\u00f3n digital en vidrio templado\">Impresi\u00f3n digital en vidrio templado<\/a><ul class=\"ez-toc-list-level-2\"><li class=\"ez-toc-heading-level-2\"><a class=\"ez-toc-link ez-toc-heading-2\" href=\"https:\/\/www.megaglass.com.mx\/blog\/impresion-en-vidrio\/#Impresion_de_fotos_e_imagenes_sobre_vidrio_templado\" title=\"Impresi\u00f3n de fotos e im\u00e1genes sobre vidrio templado\">Impresi\u00f3n de fotos e im\u00e1genes sobre vidrio templado<\/a><ul class=\"ez-toc-list-level-3\"><li class=\"ez-toc-heading-level-3\"><a class=\"ez-toc-link ez-toc-heading-3\" href=\"https:\/\/www.megaglass.com.mx\/blog\/impresion-en-vidrio\/#Tecnologia_de_impresion_digital\" title=\"Tecnolog\u00eda de impresi\u00f3n digital\">Tecnolog\u00eda de impresi\u00f3n digital<\/a><\/li><\/ul><\/li><li class=\"ez-toc-page-1 ez-toc-heading-level-2\"><a class=\"ez-toc-link ez-toc-heading-4\" href=\"https:\/\/www.megaglass.com.mx\/blog\/impresion-en-vidrio\/#Ventajas_de_la_impresion_sobre_vidrio\" title=\"Ventajas de la impresi\u00f3n sobre vidrio\">Ventajas de la impresi\u00f3n sobre vidrio<\/a><\/li><li class=\"ez-toc-page-1 ez-toc-heading-level-2\"><a class=\"ez-toc-link ez-toc-heading-5\" href=\"https:\/\/www.megaglass.com.mx\/blog\/impresion-en-vidrio\/#Suministro_de_vidrios_con_impresion_digital_para_grandes_proyectos\" title=\"Suministro de vidrios con impresi\u00f3n digital para grandes proyectos\">Suministro de vidrios con impresi\u00f3n digital para grandes proyectos<\/a><\/li><li class=\"ez-toc-page-1 ez-toc-heading-level-2\"><a class=\"ez-toc-link ez-toc-heading-6\" href=\"https:\/\/www.megaglass.com.mx\/blog\/impresion-en-vidrio\/#%C2%BFPara_que_sirve_la_impresion_de_vidrios\" title=\"\u00bfPara qu\u00e9 sirve la impresi\u00f3n de vidrios?\">\u00bfPara qu\u00e9 sirve la impresi\u00f3n de vidrios?<\/a><\/li><li class=\"ez-toc-page-1 ez-toc-heading-level-2\"><a class=\"ez-toc-link ez-toc-heading-7\" href=\"https:\/\/www.megaglass.com.mx\/blog\/impresion-en-vidrio\/#Caracteristicas_sobre_la_impresion_en_vidrio\" title=\"Caracter\u00edsticas sobre la impresi\u00f3n en vidrio\">Caracter\u00edsticas sobre la impresi\u00f3n en vidrio<\/a><\/li><li class=\"ez-toc-page-1 ez-toc-heading-level-2\"><a class=\"ez-toc-link ez-toc-heading-8\" href=\"https:\/\/www.megaglass.com.mx\/blog\/impresion-en-vidrio\/#%C2%BFNecesitas_una_cotizacion_o_asesoria\" title=\"\u00bfNecesitas una cotizaci\u00f3n o asesor\u00eda?\">\u00bfNecesitas una cotizaci\u00f3n o asesor\u00eda?<\/a><\/li><\/ul><\/li><\/ul><\/nav><\/div>\n\n\n\n\n<p class=\"has-medium-font-size\">Imprimimos tus im\u00e1genes y fotograf\u00edas en vidrio para darle un toque moderno y sofisticado a cada espacio.<\/p>\n<\/div><\/div>\n\n\n\n<h2 class=\"wp-block-heading\"><span class=\"ez-toc-section\" id=\"Impresion_de_fotos_e_imagenes_sobre_vidrio_templado\"><\/span>Impresi\u00f3n de fotos e im\u00e1genes sobre vidrio templado<span class=\"ez-toc-section-end\"><\/span><\/h2>\n\n\n\n<div class=\"wp-block-columns is-layout-flex wp-container-core-columns-is-layout-9d6595d7 wp-block-columns-is-layout-flex\">\n<div class=\"wp-block-column is-layout-flow wp-block-column-is-layout-flow\">\n<div class=\"wp-block-image\"><figure class=\"aligncenter size-large\"><img loading=\"lazy\" decoding=\"async\" width=\"450\" height=\"277\" src=\"https:\/\/www.megaglass.com.mx\/blog\/wp-content\/uploads\/2021\/05\/impresion-digital-sobre-vidrios.gif\" alt=\"\" class=\"wp-image-3018\"\/><\/figure><\/div>\n<\/div>\n\n\n\n<div class=\"wp-block-column is-layout-flow wp-block-column-is-layout-flow\">\n<h3 class=\"wp-block-heading\"><span class=\"ez-toc-section\" id=\"Tecnologia_de_impresion_digital\"><\/span>Tecnolog\u00eda de impresi\u00f3n digital<span class=\"ez-toc-section-end\"><\/span><\/h3>\n\n\n\n<p>Desde 2016 contamos con una impresora de vidrio que permite plasmar cualquier idea que tengas en mente ya sea impresi\u00f3n de fotograf\u00edas, logos o im\u00e1genes.<\/p>\n\n\n\n<p>Para imprimir sobre vidrio, solo utilizamos tecnolog\u00eda que no produce sustancias t\u00f3xicas. Por eso, nuestros productos son muy adecuados para decorar el interior de tu casa u oficina. Esto garantiza que nuestros productos se puedan utilizar de forma segura para decorar en cualquier espacio.<\/p>\n<\/div>\n<\/div>\n\n\n\n<div class=\"wp-block-buttons alignfull is-content-justification-center is-layout-flex wp-block-buttons-is-layout-flex\">\n<div class=\"wp-block-button\"><a class=\"wp-block-button__link\" href=\"https:\/\/www.megaglass.com.mx\/es\/contacto.php\" target=\"_blank\" rel=\"noreferrer noopener\"><strong>Solicitar Asesor\u00eda o Cotizaci\u00f3n<\/strong><\/a><\/div>\n<\/div>\n\n\n\n<figure class=\"wp-block-gallery columns-5 is-cropped wp-block-gallery-1 is-layout-flex wp-block-gallery-is-layout-flex\"><ul class=\"blocks-gallery-grid\"><li class=\"blocks-gallery-item\"><figure><a href=\"https:\/\/www.megaglass.com.mx\/blog\/wp-content\/uploads\/2021\/05\/impresion-digital-vidrio.jpg\"><img loading=\"lazy\" decoding=\"async\" width=\"800\" height=\"800\" src=\"https:\/\/www.megaglass.com.mx\/blog\/wp-content\/uploads\/2021\/05\/impresion-digital-vidrio.jpg\" alt=\"\" data-id=\"3152\" data-full-url=\"https:\/\/www.megaglass.com.mx\/blog\/wp-content\/uploads\/2021\/05\/impresion-digital-vidrio.jpg\" data-link=\"https:\/\/www.megaglass.com.mx\/blog\/?attachment_id=3152\" class=\"wp-image-3152\" srcset=\"https:\/\/www.megaglass.com.mx\/blog\/wp-content\/uploads\/2021\/05\/impresion-digital-vidrio.jpg 800w, https:\/\/www.megaglass.com.mx\/blog\/wp-content\/uploads\/2021\/05\/impresion-digital-vidrio-150x150.jpg 150w, https:\/\/www.megaglass.com.mx\/blog\/wp-content\/uploads\/2021\/05\/impresion-digital-vidrio-768x768.jpg 768w\" sizes=\"auto, (max-width: 800px) 100vw, 800px\" \/><\/a><figcaption class=\"blocks-gallery-item__caption\">Impresi\u00f3n de im\u00e1genes<\/figcaption><\/figure><\/li><li class=\"blocks-gallery-item\"><figure><a href=\"https:\/\/www.megaglass.com.mx\/blog\/wp-content\/uploads\/2021\/05\/logo-impresion-vidrio.jpg\"><img loading=\"lazy\" decoding=\"async\" width=\"800\" height=\"800\" src=\"https:\/\/www.megaglass.com.mx\/blog\/wp-content\/uploads\/2021\/05\/logo-impresion-vidrio.jpg\" alt=\"\" data-id=\"3153\" data-full-url=\"https:\/\/www.megaglass.com.mx\/blog\/wp-content\/uploads\/2021\/05\/logo-impresion-vidrio.jpg\" data-link=\"https:\/\/www.megaglass.com.mx\/blog\/?attachment_id=3153\" class=\"wp-image-3153\" srcset=\"https:\/\/www.megaglass.com.mx\/blog\/wp-content\/uploads\/2021\/05\/logo-impresion-vidrio.jpg 800w, https:\/\/www.megaglass.com.mx\/blog\/wp-content\/uploads\/2021\/05\/logo-impresion-vidrio-150x150.jpg 150w, https:\/\/www.megaglass.com.mx\/blog\/wp-content\/uploads\/2021\/05\/logo-impresion-vidrio-768x768.jpg 768w\" sizes=\"auto, (max-width: 800px) 100vw, 800px\" \/><\/a><figcaption class=\"blocks-gallery-item__caption\">Impresi\u00f3n de logos<\/figcaption><\/figure><\/li><li class=\"blocks-gallery-item\"><figure><a href=\"https:\/\/www.megaglass.com.mx\/blog\/wp-content\/uploads\/2021\/05\/vidrio-impresion.jpg\"><img loading=\"lazy\" decoding=\"async\" width=\"800\" height=\"800\" src=\"https:\/\/www.megaglass.com.mx\/blog\/wp-content\/uploads\/2021\/05\/vidrio-impresion.jpg\" alt=\"\" data-id=\"3154\" data-full-url=\"https:\/\/www.megaglass.com.mx\/blog\/wp-content\/uploads\/2021\/05\/vidrio-impresion.jpg\" data-link=\"https:\/\/www.megaglass.com.mx\/blog\/?attachment_id=3154\" class=\"wp-image-3154\" srcset=\"https:\/\/www.megaglass.com.mx\/blog\/wp-content\/uploads\/2021\/05\/vidrio-impresion.jpg 800w, https:\/\/www.megaglass.com.mx\/blog\/wp-content\/uploads\/2021\/05\/vidrio-impresion-150x150.jpg 150w, https:\/\/www.megaglass.com.mx\/blog\/wp-content\/uploads\/2021\/05\/vidrio-impresion-768x768.jpg 768w\" sizes=\"auto, (max-width: 800px) 100vw, 800px\" \/><\/a><figcaption class=\"blocks-gallery-item__caption\">Impresi\u00f3n de ilustraciones<\/figcaption><\/figure><\/li><li class=\"blocks-gallery-item\"><figure><a href=\"https:\/\/www.megaglass.com.mx\/blog\/wp-content\/uploads\/2021\/05\/vidrios-impresos.jpg\"><img loading=\"lazy\" decoding=\"async\" width=\"800\" height=\"800\" src=\"https:\/\/www.megaglass.com.mx\/blog\/wp-content\/uploads\/2021\/05\/vidrios-impresos.jpg\" alt=\"\" data-id=\"3155\" data-full-url=\"https:\/\/www.megaglass.com.mx\/blog\/wp-content\/uploads\/2021\/05\/vidrios-impresos.jpg\" data-link=\"https:\/\/www.megaglass.com.mx\/blog\/?attachment_id=3155\" class=\"wp-image-3155\" srcset=\"https:\/\/www.megaglass.com.mx\/blog\/wp-content\/uploads\/2021\/05\/vidrios-impresos.jpg 800w, https:\/\/www.megaglass.com.mx\/blog\/wp-content\/uploads\/2021\/05\/vidrios-impresos-150x150.jpg 150w, https:\/\/www.megaglass.com.mx\/blog\/wp-content\/uploads\/2021\/05\/vidrios-impresos-768x768.jpg 768w\" sizes=\"auto, (max-width: 800px) 100vw, 800px\" \/><\/a><figcaption class=\"blocks-gallery-item__caption\">Impresi\u00f3n de paisajes<\/figcaption><\/figure><\/li><li class=\"blocks-gallery-item\"><figure><a href=\"https:\/\/www.megaglass.com.mx\/blog\/wp-content\/uploads\/2021\/05\/vidrios-templado-impreso.jpg\"><img loading=\"lazy\" decoding=\"async\" width=\"800\" height=\"800\" src=\"https:\/\/www.megaglass.com.mx\/blog\/wp-content\/uploads\/2021\/05\/vidrios-templado-impreso.jpg\" alt=\"\" data-id=\"3156\" data-full-url=\"https:\/\/www.megaglass.com.mx\/blog\/wp-content\/uploads\/2021\/05\/vidrios-templado-impreso.jpg\" data-link=\"https:\/\/www.megaglass.com.mx\/blog\/?attachment_id=3156\" class=\"wp-image-3156\" srcset=\"https:\/\/www.megaglass.com.mx\/blog\/wp-content\/uploads\/2021\/05\/vidrios-templado-impreso.jpg 800w, https:\/\/www.megaglass.com.mx\/blog\/wp-content\/uploads\/2021\/05\/vidrios-templado-impreso-150x150.jpg 150w, https:\/\/www.megaglass.com.mx\/blog\/wp-content\/uploads\/2021\/05\/vidrios-templado-impreso-768x768.jpg 768w\" sizes=\"auto, (max-width: 800px) 100vw, 800px\" \/><\/a><figcaption class=\"blocks-gallery-item__caption\">Impresi\u00f3n de fotos<\/figcaption><\/figure><\/li><\/ul><\/figure>\n\n\n\n<h2 class=\"wp-block-heading\"><span class=\"ez-toc-section\" id=\"Ventajas_de_la_impresion_sobre_vidrio\"><\/span>Ventajas de la impresi\u00f3n sobre vidrio<span class=\"ez-toc-section-end\"><\/span><\/h2>\n\n\n\n<ul class=\"wp-block-list\"><li>Puede combinar muchos colores en un dise\u00f1o.<\/li><li>Puede recrear cualquier imagen.<\/li><li>Aplicaciones limitadas.<\/li><li>Impresi\u00f3n digital con tinta cer\u00e1mica.<\/li><li>Muy f\u00e1cil de limpiar.<\/li><li>Permite imitar otras texturas, como madera, acero o m\u00e1rmol.<\/li><li>Puede imprimir degradados o im\u00e1genes fotogr\u00e1ficas.<\/li><li>Adecuado para aplicaciones en interiores y exteriores.<\/li><li>Acabado de alta calidad.<\/li><li>Paleta de colores ilimitada.<\/li><li>Resistente a los rayos UV.<\/li><li>Tintas duraderas.<\/li><\/ul>\n\n\n\n<div class=\"wp-block-buttons alignfull is-content-justification-center is-layout-flex wp-block-buttons-is-layout-flex\">\n<div class=\"wp-block-button\"><a class=\"wp-block-button__link\" href=\"https:\/\/www.megaglass.com.mx\/es\/contacto.php\" target=\"_blank\" rel=\"noreferrer noopener\"><strong>Solicitar Asesor\u00eda o Cotizaci\u00f3n<\/strong><\/a><\/div>\n<\/div>\n\n\n\n<h2 class=\"wp-block-heading\"><span class=\"ez-toc-section\" id=\"Suministro_de_vidrios_con_impresion_digital_para_grandes_proyectos\"><\/span>Suministro de vidrios con impresi\u00f3n digital para grandes proyectos<span class=\"ez-toc-section-end\"><\/span><\/h2>\n\n\n\n<figure class=\"wp-block-embed is-type-video is-provider-vimeo wp-block-embed-vimeo\"><div class=\"wp-block-embed__wrapper\">\n<div class=\"ast-oembed-container\"><iframe loading=\"lazy\" title=\"Planetario Lunaria\" src=\"https:\/\/player.vimeo.com\/video\/394213859?dnt=1&amp;app_id=122963\" width=\"500\" height=\"281\" frameborder=\"0\" allow=\"autoplay; fullscreen; picture-in-picture; clipboard-write\"><\/iframe><\/div>\n<\/div><\/figure>\n\n\n\n<div class=\"wp-block-buttons alignfull is-content-justification-center is-layout-flex wp-block-buttons-is-layout-flex\">\n<div class=\"wp-block-button\"><a class=\"wp-block-button__link\" href=\"https:\/\/www.megaglass.com.mx\/es\/contacto.php\" target=\"_blank\" rel=\"noreferrer noopener\"><strong>Solicitar Asesor\u00eda o Cotizaci\u00f3n<\/strong><\/a><\/div>\n<\/div>\n\n\n\n<h2 class=\"wp-block-heading\"><span class=\"ez-toc-section\" id=\"%C2%BFPara_que_sirve_la_impresion_de_vidrios\"><\/span>\u00bfPara qu\u00e9 sirve la impresi\u00f3n de vidrios?<span class=\"ez-toc-section-end\"><\/span><\/h2>\n\n\n\n<div class=\"wp-block-columns is-layout-flex wp-container-core-columns-is-layout-9d6595d7 wp-block-columns-is-layout-flex\">\n<div class=\"wp-block-column is-layout-flow wp-block-column-is-layout-flow\">\n<p><strong>Aplicaciones<\/strong><\/p>\n\n\n\n<p>Son ideales en aplicaciones como:<\/p>\n\n\n\n<ul class=\"wp-block-list\"><li>Mamparas de ba\u00f1o,<\/li><li>Cocinas<\/li><li>Ventanas<\/li><li>Muebles<\/li><li>Balaustradas<\/li><li>Suelos<\/li><li>Balcones<\/li><li>Muros cortina<\/li><li>Puertas<\/li><\/ul>\n<\/div>\n\n\n\n<div class=\"wp-block-column is-layout-flow wp-block-column-is-layout-flow\">\n<p><strong>Usos<\/strong><\/p>\n\n\n\n<p>La impresi\u00f3n de vidrio en gran formato se usa para:<\/p>\n\n\n\n<ul class=\"wp-block-list\"><li>Locales o empresas<\/li><li>Centros comerciales<\/li><li>Publicidad<\/li><li>Anuncios especiales<\/li><li>Arquitectura<\/li><li>Decoraci\u00f3n en oficinas<\/li><\/ul>\n<\/div>\n<\/div>\n\n\n\n<h2 class=\"wp-block-heading\"><span class=\"ez-toc-section\" id=\"Caracteristicas_sobre_la_impresion_en_vidrio\"><\/span>Caracter\u00edsticas sobre la impresi\u00f3n en vidrio<span class=\"ez-toc-section-end\"><\/span><\/h2>\n\n\n\n<p>El vidrio es un material omnipresente, y ha estado interminablemente acompa\u00f1ado por el desarrollo humano, debido a que el vidrio tiene un sinf\u00edn de campos de aplicaci\u00f3n, no solo en la arquitectura, sino tambi\u00e9n en el dise\u00f1o, la decoraci\u00f3n y el arte.<\/p>\n\n\n\n<p>Debido a que se adapta perfectamente a interiores y exteriores, y tiene un amplio abanico de posibilidades de dise\u00f1o. Cada vez son m\u00e1s los proyectos que utilizan vidrio con impresi\u00f3n en residencias, edificios p\u00fablicos, oficinas, etc.<\/p>\n\n\n\n<h2 class=\"has-text-align-center wp-block-heading\"><span class=\"ez-toc-section\" id=\"%C2%BFNecesitas_una_cotizacion_o_asesoria\"><\/span>\u00bfNecesitas una cotizaci\u00f3n o asesor\u00eda?<span class=\"ez-toc-section-end\"><\/span><\/h2>\n\n\n\n<div class=\"wp-block-buttons alignfull is-content-justification-center is-layout-flex wp-block-buttons-is-layout-flex\">\n<div class=\"wp-block-button\"><a class=\"wp-block-button__link\" href=\"https:\/\/www.megaglass.com.mx\/es\/contacto.php\" target=\"_blank\" rel=\"noreferrer noopener\"><strong>Solicitar Asesor\u00eda o Cotizaci\u00f3n<\/strong><\/a><\/div>\n<\/div>\n","protected":false},"excerpt":{"rendered":"<p>Impresi\u00f3n de fotos e im\u00e1genes sobre vidrio templado Tecnolog\u00eda de impresi\u00f3n digital Desde 2016 contamos con una impresora de vidrio que permite plasmar cualquier idea que tengas en mente ya sea impresi\u00f3n de fotograf\u00edas, logos o im\u00e1genes. Para imprimir sobre vidrio, solo utilizamos tecnolog\u00eda que no produce sustancias t\u00f3xicas. Por eso, nuestros productos son muy &hellip;<\/p>\n<p class=\"read-more\"> <a class=\"\" href=\"https:\/\/www.megaglass.com.mx\/blog\/impresion-en-vidrio\/\"> <span class=\"screen-reader-text\">Impresi\u00f3n digital en vidrio templado<\/span> Leer m\u00e1s &raquo;<\/a><\/p>\n","protected":false},"author":1,"featured_media":3150,"parent":0,"menu_order":0,"comment_status":"closed","ping_status":"closed","template":"","meta":{"search_volume":590,"footnotes":""},"interlinks":[4],"class_list":["post-3008","page","type-page","status-publish","has-post-thumbnail","hentry"],"yoast_head":"<!-- This site is optimized with the Yoast SEO plugin v19.5.1 - https:\/\/yoast.com\/wordpress\/plugins\/seo\/ -->\n<title>\u25b7\u3010 Impresi\u00f3n digital en vidrio templado \u3011\u2713- Megaglass \u00ae<\/title>\n<meta name=\"robots\" content=\"index, follow, max-snippet:-1, max-image-preview:large, max-video-preview:-1\" \/>\n<link rel=\"canonical\" href=\"https:\/\/www.megaglass.com.mx\/blog\/impresion-en-vidrio\/\" \/>\n<meta property=\"og:locale\" content=\"es_ES\" \/>\n<meta property=\"og:type\" content=\"article\" \/>\n<meta property=\"og:title\" content=\"\u25b7\u3010 Impresi\u00f3n digital en vidrio templado \u3011\u2713- Megaglass \u00ae\" \/>\n<meta property=\"og:description\" content=\"Impresi\u00f3n de fotos e im\u00e1genes sobre vidrio templado Tecnolog\u00eda de impresi\u00f3n digital Desde 2016 contamos con una impresora de vidrio que permite plasmar cualquier idea que tengas en mente ya sea impresi\u00f3n de fotograf\u00edas, logos o im\u00e1genes. Para imprimir sobre vidrio, solo utilizamos tecnolog\u00eda que no produce sustancias t\u00f3xicas. Por eso, nuestros productos son muy &hellip; Impresi\u00f3n digital en vidrio templado Leer m\u00e1s &raquo;\" \/>\n<meta property=\"og:url\" content=\"https:\/\/www.megaglass.com.mx\/blog\/impresion-en-vidrio\/\" \/>\n<meta property=\"og:site_name\" content=\"Megaglass\" \/>\n<meta property=\"article:modified_time\" content=\"2021-05-17T18:40:34+00:00\" \/>\n<meta property=\"og:image\" content=\"https:\/\/www.megaglass.com.mx\/blog\/wp-content\/uploads\/2021\/05\/impresion-de-vidrio.jpg\" \/>\n\t<meta property=\"og:image:width\" content=\"300\" \/>\n\t<meta property=\"og:image:height\" content=\"150\" \/>\n\t<meta property=\"og:image:type\" content=\"image\/jpeg\" \/>\n<meta name=\"twitter:card\" content=\"summary_large_image\" \/>\n<meta name=\"twitter:label1\" content=\"Tiempo de lectura\" \/>\n\t<meta name=\"twitter:data1\" content=\"3 minutos\" \/>\n<script type=\"application\/ld+json\" class=\"yoast-schema-graph\">{\"@context\":\"https:\/\/schema.org\",\"@graph\":[{\"@type\":\"WebPage\",\"@id\":\"https:\/\/www.megaglass.com.mx\/blog\/impresion-en-vidrio\/\",\"url\":\"https:\/\/www.megaglass.com.mx\/blog\/impresion-en-vidrio\/\",\"name\":\"\u25b7\u3010 Impresi\u00f3n digital en vidrio templado \u3011\u2713- Megaglass \u00ae\",\"isPartOf\":{\"@id\":\"https:\/\/www.megaglass.com.mx\/blog\/#website\"},\"datePublished\":\"2021-05-17T18:35:10+00:00\",\"dateModified\":\"2021-05-17T18:40:34+00:00\",\"breadcrumb\":{\"@id\":\"https:\/\/www.megaglass.com.mx\/blog\/impresion-en-vidrio\/#breadcrumb\"},\"inLanguage\":\"es\",\"potentialAction\":[{\"@type\":\"ReadAction\",\"target\":[\"https:\/\/www.megaglass.com.mx\/blog\/impresion-en-vidrio\/\"]}]},{\"@type\":\"BreadcrumbList\",\"@id\":\"https:\/\/www.megaglass.com.mx\/blog\/impresion-en-vidrio\/#breadcrumb\",\"itemListElement\":[{\"@type\":\"ListItem\",\"position\":1,\"name\":\"Portada\",\"item\":\"https:\/\/www.megaglass.com.mx\/blog\/\"},{\"@type\":\"ListItem\",\"position\":2,\"name\":\"Impresi\u00f3n digital en vidrio templado\"}]},{\"@type\":\"WebSite\",\"@id\":\"https:\/\/www.megaglass.com.mx\/blog\/#website\",\"url\":\"https:\/\/www.megaglass.com.mx\/blog\/\",\"name\":\"Megaglass\",\"description\":\"vidrio de alto performance\",\"potentialAction\":[{\"@type\":\"SearchAction\",\"target\":{\"@type\":\"EntryPoint\",\"urlTemplate\":\"https:\/\/www.megaglass.com.mx\/blog\/?s={search_term_string}\"},\"query-input\":\"required name=search_term_string\"}],\"inLanguage\":\"es\"}]}<\/script>\n<!-- \/ Yoast SEO plugin. -->","yoast_head_json":{"title":"\u25b7\u3010 Impresi\u00f3n digital en vidrio templado \u3011\u2713- Megaglass \u00ae","robots":{"index":"index","follow":"follow","max-snippet":"max-snippet:-1","max-image-preview":"max-image-preview:large","max-video-preview":"max-video-preview:-1"},"canonical":"https:\/\/www.megaglass.com.mx\/blog\/impresion-en-vidrio\/","og_locale":"es_ES","og_type":"article","og_title":"\u25b7\u3010 Impresi\u00f3n digital en vidrio templado \u3011\u2713- Megaglass \u00ae","og_description":"Impresi\u00f3n de fotos e im\u00e1genes sobre vidrio templado Tecnolog\u00eda de impresi\u00f3n digital Desde 2016 contamos con una impresora de vidrio que permite plasmar cualquier idea que tengas en mente ya sea impresi\u00f3n de fotograf\u00edas, logos o im\u00e1genes. Para imprimir sobre vidrio, solo utilizamos tecnolog\u00eda que no produce sustancias t\u00f3xicas. Por eso, nuestros productos son muy &hellip; Impresi\u00f3n digital en vidrio templado Leer m\u00e1s &raquo;","og_url":"https:\/\/www.megaglass.com.mx\/blog\/impresion-en-vidrio\/","og_site_name":"Megaglass","article_modified_time":"2021-05-17T18:40:34+00:00","og_image":[{"width":300,"height":150,"url":"https:\/\/www.megaglass.com.mx\/blog\/wp-content\/uploads\/2021\/05\/impresion-de-vidrio.jpg","type":"image\/jpeg"}],"twitter_card":"summary_large_image","twitter_misc":{"Tiempo de lectura":"3 minutos"},"schema":{"@context":"https:\/\/schema.org","@graph":[{"@type":"WebPage","@id":"https:\/\/www.megaglass.com.mx\/blog\/impresion-en-vidrio\/","url":"https:\/\/www.megaglass.com.mx\/blog\/impresion-en-vidrio\/","name":"\u25b7\u3010 Impresi\u00f3n digital en vidrio templado \u3011\u2713- Megaglass \u00ae","isPartOf":{"@id":"https:\/\/www.megaglass.com.mx\/blog\/#website"},"datePublished":"2021-05-17T18:35:10+00:00","dateModified":"2021-05-17T18:40:34+00:00","breadcrumb":{"@id":"https:\/\/www.megaglass.com.mx\/blog\/impresion-en-vidrio\/#breadcrumb"},"inLanguage":"es","potentialAction":[{"@type":"ReadAction","target":["https:\/\/www.megaglass.com.mx\/blog\/impresion-en-vidrio\/"]}]},{"@type":"BreadcrumbList","@id":"https:\/\/www.megaglass.com.mx\/blog\/impresion-en-vidrio\/#breadcrumb","itemListElement":[{"@type":"ListItem","position":1,"name":"Portada","item":"https:\/\/www.megaglass.com.mx\/blog\/"},{"@type":"ListItem","position":2,"name":"Impresi\u00f3n digital en vidrio templado"}]},{"@type":"WebSite","@id":"https:\/\/www.megaglass.com.mx\/blog\/#website","url":"https:\/\/www.megaglass.com.mx\/blog\/","name":"Megaglass","description":"vidrio de alto performance","potentialAction":[{"@type":"SearchAction","target":{"@type":"EntryPoint","urlTemplate":"https:\/\/www.megaglass.com.mx\/blog\/?s={search_term_string}"},"query-input":"required name=search_term_string"}],"inLanguage":"es"}]}},"_links":{"self":[{"href":"https:\/\/www.megaglass.com.mx\/blog\/wp-json\/wp\/v2\/pages\/3008","targetHints":{"allow":["GET"]}}],"collection":[{"href":"https:\/\/www.megaglass.com.mx\/blog\/wp-json\/wp\/v2\/pages"}],"about":[{"href":"https:\/\/www.megaglass.com.mx\/blog\/wp-json\/wp\/v2\/types\/page"}],"author":[{"embeddable":true,"href":"https:\/\/www.megaglass.com.mx\/blog\/wp-json\/wp\/v2\/users\/1"}],"replies":[{"embeddable":true,"href":"https:\/\/www.megaglass.com.mx\/blog\/wp-json\/wp\/v2\/comments?post=3008"}],"version-history":[{"count":23,"href":"https:\/\/www.megaglass.com.mx\/blog\/wp-json\/wp\/v2\/pages\/3008\/revisions"}],"predecessor-version":[{"id":3167,"href":"https:\/\/www.megaglass.com.mx\/blog\/wp-json\/wp\/v2\/pages\/3008\/revisions\/3167"}],"wp:featuredmedia":[{"embeddable":true,"href":"https:\/\/www.megaglass.com.mx\/blog\/wp-json\/wp\/v2\/media\/3150"}],"wp:attachment":[{"href":"https:\/\/www.megaglass.com.mx\/blog\/wp-json\/wp\/v2\/media?parent=3008"}],"wp:term":[{"taxonomy":"interlinks","embeddable":true,"href":"https:\/\/www.megaglass.com.mx\/blog\/wp-json\/wp\/v2\/interlinks?post=3008"}],"curies":[{"name":"wp","href":"https:\/\/api.w.org\/{rel}","templated":true}]}}