{"id":2988,"date":"2021-05-11T19:14:31","date_gmt":"2021-05-11T19:14:31","guid":{"rendered":"https:\/\/www.megaglass.com.mx\/blog\/?page_id=2988"},"modified":"2021-05-17T18:07:27","modified_gmt":"2021-05-17T18:07:27","slug":"vidrio-control-solar","status":"publish","type":"page","link":"https:\/\/www.megaglass.com.mx\/blog\/vidrio-control-solar\/","title":{"rendered":"Vidrio de control solar, caracter\u00edsticas y ventajas"},"content":{"rendered":"\n<div class=\"wp-block-cover has-background-dim-70 has-background-dim alignfull\" style=\"background-color:#001f5b;min-height:300px;aspect-ratio:unset;\"><img loading=\"lazy\" decoding=\"async\" width=\"1500\" height=\"300\" class=\"wp-block-cover__image-background wp-image-2992\" alt=\"\" src=\"https:\/\/www.megaglass.com.mx\/blog\/wp-content\/uploads\/2021\/05\/vidrio-control-solar.jpg\" data-object-fit=\"cover\" srcset=\"https:\/\/www.megaglass.com.mx\/blog\/wp-content\/uploads\/2021\/05\/vidrio-control-solar.jpg 1500w, https:\/\/www.megaglass.com.mx\/blog\/wp-content\/uploads\/2021\/05\/vidrio-control-solar-150x30.jpg 150w, https:\/\/www.megaglass.com.mx\/blog\/wp-content\/uploads\/2021\/05\/vidrio-control-solar-1024x205.jpg 1024w, https:\/\/www.megaglass.com.mx\/blog\/wp-content\/uploads\/2021\/05\/vidrio-control-solar-768x154.jpg 768w\" sizes=\"auto, (max-width: 1500px) 100vw, 1500px\" \/><div class=\"wp-block-cover__inner-container is-layout-flow wp-block-cover-is-layout-flow\">\n<h1 class=\"wp-block-heading\"><span class=\"ez-toc-section\" id=\"Vidrio_de_control_solar_caracteristicas_y_ventajas\"><\/span>Vidrio de control solar, caracter\u00edsticas y ventajas<span class=\"ez-toc-section-end\"><\/span><\/h1><div id=\"ez-toc-container\" class=\"ez-toc-v2_0_16 counter-hierarchy counter-decimal ez-toc-transparent\">\n<div class=\"ez-toc-title-container\">\n<p class=\"ez-toc-title\">&Iacute;ndice<\/p>\n<span class=\"ez-toc-title-toggle\"><a class=\"ez-toc-pull-right ez-toc-btn ez-toc-btn-xs ez-toc-btn-default ez-toc-toggle\" style=\"display: none;\"><i class=\"ez-toc-glyphicon ez-toc-icon-toggle\"><\/i><\/a><\/span><\/div>\n<nav><ul class=\"ez-toc-list ez-toc-list-level-1\"><li class=\"ez-toc-page-1 ez-toc-heading-level-1\"><a class=\"ez-toc-link ez-toc-heading-1\" href=\"https:\/\/www.megaglass.com.mx\/blog\/vidrio-control-solar\/#Vidrio_de_control_solar_caracteristicas_y_ventajas\" title=\"Vidrio de control solar, caracter\u00edsticas y ventajas\">Vidrio de control solar, caracter\u00edsticas y ventajas<\/a><ul class=\"ez-toc-list-level-2\"><li class=\"ez-toc-heading-level-2\"><a class=\"ez-toc-link ez-toc-heading-2\" href=\"https:\/\/www.megaglass.com.mx\/blog\/vidrio-control-solar\/#%C2%BFQue_son_los_vidrios_de_control_solar\" title=\"\u00bfQu\u00e9 son los vidrios de control solar?\">\u00bfQu\u00e9 son los vidrios de control solar?<\/a><ul class=\"ez-toc-list-level-3\"><li class=\"ez-toc-heading-level-3\"><a class=\"ez-toc-link ez-toc-heading-3\" href=\"https:\/\/www.megaglass.com.mx\/blog\/vidrio-control-solar\/#%C2%BFComo_funcionan\" title=\"\u00bfC\u00f3mo funcionan?\">\u00bfC\u00f3mo funcionan?<\/a><\/li><li class=\"ez-toc-page-1 ez-toc-heading-level-3\"><a class=\"ez-toc-link ez-toc-heading-4\" href=\"https:\/\/www.megaglass.com.mx\/blog\/vidrio-control-solar\/#%C2%BFComo_se_fabrican\" title=\"\u00bfC\u00f3mo se fabrican?\">\u00bfC\u00f3mo se fabrican?<\/a><\/li><li class=\"ez-toc-page-1 ez-toc-heading-level-3\"><a class=\"ez-toc-link ez-toc-heading-5\" href=\"https:\/\/www.megaglass.com.mx\/blog\/vidrio-control-solar\/#Usos_del_vidrio_control_solar\" title=\"Usos del vidrio control solar\">Usos del vidrio control solar<\/a><\/li><\/ul><\/li><li class=\"ez-toc-page-1 ez-toc-heading-level-2\"><a class=\"ez-toc-link ez-toc-heading-6\" href=\"https:\/\/www.megaglass.com.mx\/blog\/vidrio-control-solar\/#Tipos_de_vidrios_de_control_solar\" title=\"Tipos de vidrios de control solar\">Tipos de vidrios de control solar<\/a><ul class=\"ez-toc-list-level-3\"><li class=\"ez-toc-heading-level-3\"><a class=\"ez-toc-link ez-toc-heading-7\" href=\"https:\/\/www.megaglass.com.mx\/blog\/vidrio-control-solar\/#Selectivo\" title=\"Selectivo\">Selectivo<\/a><\/li><li class=\"ez-toc-page-1 ez-toc-heading-level-3\"><a class=\"ez-toc-link ez-toc-heading-8\" href=\"https:\/\/www.megaglass.com.mx\/blog\/vidrio-control-solar\/#De_baja_emisividad\" title=\"De baja emisividad\">De baja emisividad<\/a><\/li><\/ul><\/li><li class=\"ez-toc-page-1 ez-toc-heading-level-2\"><a class=\"ez-toc-link ez-toc-heading-9\" href=\"https:\/\/www.megaglass.com.mx\/blog\/vidrio-control-solar\/#Ventajas_del_vidrio_de_control_solar\" title=\"Ventajas del vidrio de control solar\">Ventajas del vidrio de control solar<\/a><\/li><li class=\"ez-toc-page-1 ez-toc-heading-level-2\"><a class=\"ez-toc-link ez-toc-heading-10\" href=\"https:\/\/www.megaglass.com.mx\/blog\/vidrio-control-solar\/#%C2%BFNecesitas_una_cotizacion_o_asesoria\" title=\"\u00bfNecesitas una cotizaci\u00f3n o asesor\u00eda?\">\u00bfNecesitas una cotizaci\u00f3n o asesor\u00eda?<\/a><\/li><\/ul><\/li><\/ul><\/nav><\/div>\n\n<\/div><\/div>\n\n\n\n<h2 class=\"wp-block-heading\"><span class=\"ez-toc-section\" id=\"%C2%BFQue_son_los_vidrios_de_control_solar\"><\/span>\u00bfQu\u00e9 son los vidrios de control solar?<span class=\"ez-toc-section-end\"><\/span><\/h2>\n\n\n\n<p>El vidrio de control solar ajusta la temperatura interior, haciendo que un edificio o habitaci\u00f3n sea m\u00e1s fresco y c\u00f3modo. Ya que permite la entrada de luz del sol, y al mismo tiempo refleja la mayor parte del calor hacia el exterior, para evitar que el espacio se sobrecaliente y mantenga una temperatura interna constante.<\/p>\n\n\n\n<p>Estos vidrios son ideales para maximizar la luz natural y reflejar todo el calor solar como sea posible. Para que el interior permanece brillante y fresco. Adem\u00e1s de que puede ayudar a mejorar la eficiencia energ\u00e9tica y reducir la necesidad de aire acondicionado durante los meses m\u00e1s c\u00e1lidos.<\/p>\n\n\n\n<h3 class=\"wp-block-heading\"><span class=\"ez-toc-section\" id=\"%C2%BFComo_funcionan\"><\/span>\u00bfC\u00f3mo funcionan?<span class=\"ez-toc-section-end\"><\/span><\/h3>\n\n\n\n<div class=\"wp-block-columns are-vertically-aligned-center is-layout-flex wp-container-core-columns-is-layout-9d6595d7 wp-block-columns-is-layout-flex\">\n<div class=\"wp-block-column is-vertically-aligned-center is-layout-flow wp-block-column-is-layout-flow\">\n<div class=\"wp-block-image\"><figure class=\"aligncenter size-large\"><img loading=\"lazy\" decoding=\"async\" width=\"800\" height=\"400\" src=\"https:\/\/www.megaglass.com.mx\/blog\/wp-content\/uploads\/2021\/05\/edificio-vidrio-control-solar.jpg\" alt=\"\" class=\"wp-image-2993\" srcset=\"https:\/\/www.megaglass.com.mx\/blog\/wp-content\/uploads\/2021\/05\/edificio-vidrio-control-solar.jpg 800w, https:\/\/www.megaglass.com.mx\/blog\/wp-content\/uploads\/2021\/05\/edificio-vidrio-control-solar-150x75.jpg 150w, https:\/\/www.megaglass.com.mx\/blog\/wp-content\/uploads\/2021\/05\/edificio-vidrio-control-solar-768x384.jpg 768w\" sizes=\"auto, (max-width: 800px) 100vw, 800px\" \/><\/figure><\/div>\n<\/div>\n\n\n\n<div class=\"wp-block-column is-vertically-aligned-center is-layout-flow wp-block-column-is-layout-flow\">\n<p>El vidrio gestiona la radiaci\u00f3n solar t\u00e9rmica a trav\u00e9s de los siguientes tres mecanismos:<\/p>\n\n\n\n<ul class=\"wp-block-list\"><li>Transmitancia: proporci\u00f3n de radiaci\u00f3n solar transmitida directamente a trav\u00e9s del vidrio.<\/li><li>Reflectividad: proporci\u00f3n de radiaci\u00f3n solar reflejada en la atm\u00f3sfera.<\/li><li>Tasa de absorci\u00f3n: proporci\u00f3n de radiaci\u00f3n solar absorbida por el vidrio.<\/li><\/ul>\n\n\n\n<p>Que en condiciones de calor o en edificios con altas cargas internas, minimizan la ganancia de calor solar y permiten que la luz del sol pase a trav\u00e9s de las ventanas, pero al mismo tiempo refleja el calor solar.<\/p>\n<\/div>\n<\/div>\n\n\n\n<h3 class=\"wp-block-heading\"><span class=\"ez-toc-section\" id=\"%C2%BFComo_se_fabrican\"><\/span>\u00bfC\u00f3mo se fabrican?<span class=\"ez-toc-section-end\"><\/span><\/h3>\n\n\n\n<p>Se fabrican mediante un proceso denominado \u201crecubrimiento duro\u00bb, que derrite los \u00f3xidos de metales preciosos en la superficie del vidrio flotado a altas temperaturas durante el proceso de formaci\u00f3n del vidrio y recubre la superficie del vidrio para que tenga caracter\u00edsticas espec\u00edficas:<\/p>\n\n\n\n<p>Los vidrios de control solar tambi\u00e9n pueden ser templado, curvado, impreso, esmaltado y dem\u00e1s, ya que sus caracter\u00edsticas lo hacen un vidrio ideal para todo tipo de proyectos de construcci\u00f3n.<\/p>\n\n\n\n<div class=\"wp-block-columns are-vertically-aligned-center is-layout-flex wp-container-core-columns-is-layout-9d6595d7 wp-block-columns-is-layout-flex\">\n<div class=\"wp-block-column is-vertically-aligned-center is-layout-flow wp-block-column-is-layout-flow\" style=\"flex-basis:33.33%\">\n<h3 class=\"wp-block-heading\"><span class=\"ez-toc-section\" id=\"Usos_del_vidrio_control_solar\"><\/span>Usos del vidrio control solar<span class=\"ez-toc-section-end\"><\/span><\/h3>\n\n\n\n<ul class=\"wp-block-list\" id=\"block-385e9ed1-5cf2-4569-af41-8a869b062f9a\"><li>Muros cortina<\/li><li>Oficinas<\/li><li>Edificios<\/li><li>Domos<\/li><li>Ventanas<\/li><li>Puertas<\/li><li>Hoteles<\/li><li>Restaurantes<\/li><li>Escuelas<\/li><li>Hospitales<\/li><\/ul>\n<\/div>\n\n\n\n<div class=\"wp-block-column is-vertically-aligned-center is-layout-flow wp-block-column-is-layout-flow\" style=\"flex-basis:66.66%\">\n<div class=\"wp-block-image\"><figure class=\"aligncenter size-large\"><img loading=\"lazy\" decoding=\"async\" width=\"800\" height=\"400\" src=\"https:\/\/www.megaglass.com.mx\/blog\/wp-content\/uploads\/2021\/05\/aplicaciones-vidrio-control-solar.jpg\" alt=\"\" class=\"wp-image-2996\" srcset=\"https:\/\/www.megaglass.com.mx\/blog\/wp-content\/uploads\/2021\/05\/aplicaciones-vidrio-control-solar.jpg 800w, https:\/\/www.megaglass.com.mx\/blog\/wp-content\/uploads\/2021\/05\/aplicaciones-vidrio-control-solar-150x75.jpg 150w, https:\/\/www.megaglass.com.mx\/blog\/wp-content\/uploads\/2021\/05\/aplicaciones-vidrio-control-solar-768x384.jpg 768w\" sizes=\"auto, (max-width: 800px) 100vw, 800px\" \/><\/figure><\/div>\n<\/div>\n<\/div>\n\n\n\n<h2 class=\"wp-block-heading\"><span class=\"ez-toc-section\" id=\"Tipos_de_vidrios_de_control_solar\"><\/span>Tipos de vidrios de control solar<span class=\"ez-toc-section-end\"><\/span><\/h2>\n\n\n\n<p>El vidrio de control solar se denomina \u00abselectivo\u00bb o \u00abbaja emisividad\u201d No obstante son diferentes en la pr\u00e1ctica. La principal diferencia entre los dos tipos es la superficie de recubrimiento y otras caracter\u00edsticas t\u00e9cnicas y de producci\u00f3n.<\/p>\n\n\n\n<h3 class=\"wp-block-heading\"><span class=\"ez-toc-section\" id=\"Selectivo\"><\/span>Selectivo<span class=\"ez-toc-section-end\"><\/span><\/h3>\n\n\n\n<p>Para este vidrio, el recubrimiento se deposita por pir\u00f3lisis, que es un proceso en el que el recubrimiento se funde y se combina con el vidrio para hacerlo m\u00e1s resistente a los componentes y apto para uso en exteriores.<\/p>\n\n\n\n<p>Su principal caracter\u00edstica es que puede transmitir perfectamente la luz y repeler la luz infrarroja, especialmente el vidrio con una longitud de onda m\u00e1s corta (llamada radiaci\u00f3n t\u00e9rmica), porque, aunque deja pasar una gran cantidad de luz natural, el vidrio sigue desempe\u00f1ando un papel. en blindaje ultravioleta e infrarrojo.<\/p>\n\n\n\n<h3 class=\"wp-block-heading\"><span class=\"ez-toc-section\" id=\"De_baja_emisividad\"><\/span>De baja emisividad<span class=\"ez-toc-section-end\"><\/span><\/h3>\n\n\n\n<p>Para el vidrio de baja emisividad, la capa de \u00f3xido met\u00e1lico sobre el vidrio se deposita mediante un proceso electromagn\u00e9tico, y no es muy resistente a los medios atmosf\u00e9ricos, por lo que debe colocarse en su interior.<\/p>\n\n\n\n<p>Al igual que el vidrio selectivo, el vidrio de control solar de baja emisividad permite el paso de la radiaci\u00f3n luminosa, evitando as\u00ed el paso de la radiaci\u00f3n infrarroja (en este caso, la radiaci\u00f3n con la frecuencia de onda m\u00e1s alta), evitando as\u00ed que el calor irradie hacia el exterior.<\/p>\n\n\n\n<h2 class=\"wp-block-heading\"><span class=\"ez-toc-section\" id=\"Ventajas_del_vidrio_de_control_solar\"><\/span>Ventajas del vidrio de control solar<span class=\"ez-toc-section-end\"><\/span><\/h2>\n\n\n\n<div class=\"wp-block-columns are-vertically-aligned-center is-layout-flex wp-container-core-columns-is-layout-9d6595d7 wp-block-columns-is-layout-flex\">\n<div class=\"wp-block-column is-vertically-aligned-center is-layout-flow wp-block-column-is-layout-flow\" style=\"flex-basis:33.33%\">\n<div class=\"wp-block-image\"><figure class=\"aligncenter size-large is-resized\"><img loading=\"lazy\" decoding=\"async\" src=\"https:\/\/www.megaglass.com.mx\/blog\/wp-content\/uploads\/2021\/05\/ventajas-vidrio-control-solar.jpg\" alt=\"\" class=\"wp-image-2997\" width=\"300\" height=\"300\" srcset=\"https:\/\/www.megaglass.com.mx\/blog\/wp-content\/uploads\/2021\/05\/ventajas-vidrio-control-solar.jpg 400w, https:\/\/www.megaglass.com.mx\/blog\/wp-content\/uploads\/2021\/05\/ventajas-vidrio-control-solar-150x150.jpg 150w\" sizes=\"auto, (max-width: 300px) 100vw, 300px\" \/><\/figure><\/div>\n<\/div>\n\n\n\n<div class=\"wp-block-column is-vertically-aligned-center is-layout-flow wp-block-column-is-layout-flow\" style=\"flex-basis:66.66%\">\n<ul class=\"wp-block-list\" id=\"block-c4cfbc8d-20e0-4490-bf4d-6dcc2c08dd59\"><li>Permiten ahorrar energ\u00eda.<\/li><li>Se puede instalar de muchas formas.<\/li><li>Proporcionar mayor seguridad y comodidad.<\/li><li>Ideal para \u00e1reas con alta temperaturas.<\/li><li>Mejora el confort visual filtrando la luz.<\/li><li>Aumenta el confort de la habitaci\u00f3n en t\u00e9rminos de calor y luz.<\/li><li>Evitan deslumbramiento por el sol.<\/li><li>Se pueden ajustar, curvar, imprimir, esmaltar, etc.<\/li><li>Reducir el costo de aires acondicionados y persianas.<\/li><li>Filtran los rayos m\u00e1s perjudiciales del sol.<\/li><\/ul>\n<\/div>\n<\/div>\n\n\n\n<h2 class=\"has-text-align-center wp-block-heading\"><span class=\"ez-toc-section\" id=\"%C2%BFNecesitas_una_cotizacion_o_asesoria\"><\/span>\u00bfNecesitas una cotizaci\u00f3n o asesor\u00eda?<span class=\"ez-toc-section-end\"><\/span><\/h2>\n\n\n\n<p>En Megaglass te ofrecemos una variedad de vidrio arquitect\u00f3nico, que combina control solar, transmitancia de luz y baja energ\u00eda solar t\u00e9rmica, adecuados para cualquier aplicaci\u00f3n, clima o dise\u00f1o. Todo con el fin de darte soluciones a tus necesidades de control solar<\/p>\n\n\n\n<div class=\"wp-block-buttons alignfull is-content-justification-center is-layout-flex wp-block-buttons-is-layout-flex\">\n<div class=\"wp-block-button\"><a class=\"wp-block-button__link\" href=\"https:\/\/www.megaglass.com.mx\/es\/contacto.php\" target=\"_blank\" rel=\"noreferrer noopener\"><strong>Solicitar Asesor\u00eda o Cotizaci\u00f3n<\/strong><\/a><\/div>\n<\/div>\n","protected":false},"excerpt":{"rendered":"<p>\u00bfQu\u00e9 son los vidrios de control solar? El vidrio de control solar ajusta la temperatura interior, haciendo que un edificio o habitaci\u00f3n sea m\u00e1s fresco y c\u00f3modo. Ya que permite la entrada de luz del sol, y al mismo tiempo refleja la mayor parte del calor hacia el exterior, para evitar que el espacio se &hellip;<\/p>\n<p class=\"read-more\"> <a class=\"\" href=\"https:\/\/www.megaglass.com.mx\/blog\/vidrio-control-solar\/\"> <span class=\"screen-reader-text\">Vidrio de control solar, caracter\u00edsticas y ventajas<\/span> Leer m\u00e1s &raquo;<\/a><\/p>\n","protected":false},"author":1,"featured_media":3161,"parent":0,"menu_order":0,"comment_status":"closed","ping_status":"closed","template":"","meta":{"search_volume":220,"footnotes":""},"interlinks":[4],"class_list":["post-2988","page","type-page","status-publish","has-post-thumbnail","hentry"],"yoast_head":"<!-- This site is optimized with the Yoast SEO plugin v19.5.1 - https:\/\/yoast.com\/wordpress\/plugins\/seo\/ -->\n<title>\u25b7\u3010 Vidrio de control solar, caracter\u00edsticas y ventajas \u3011\u2713- Megaglass \u00ae<\/title>\n<meta name=\"robots\" content=\"index, follow, max-snippet:-1, max-image-preview:large, max-video-preview:-1\" \/>\n<link rel=\"canonical\" href=\"https:\/\/www.megaglass.com.mx\/blog\/vidrio-control-solar\/\" \/>\n<meta property=\"og:locale\" content=\"es_ES\" \/>\n<meta property=\"og:type\" content=\"article\" \/>\n<meta property=\"og:title\" content=\"\u25b7\u3010 Vidrio de control solar, caracter\u00edsticas y ventajas \u3011\u2713- Megaglass \u00ae\" \/>\n<meta property=\"og:description\" content=\"\u00bfQu\u00e9 son los vidrios de control solar? El vidrio de control solar ajusta la temperatura interior, haciendo que un edificio o habitaci\u00f3n sea m\u00e1s fresco y c\u00f3modo. Ya que permite la entrada de luz del sol, y al mismo tiempo refleja la mayor parte del calor hacia el exterior, para evitar que el espacio se &hellip; Vidrio de control solar, caracter\u00edsticas y ventajas Leer m\u00e1s &raquo;\" \/>\n<meta property=\"og:url\" content=\"https:\/\/www.megaglass.com.mx\/blog\/vidrio-control-solar\/\" \/>\n<meta property=\"og:site_name\" content=\"Megaglass\" \/>\n<meta property=\"article:modified_time\" content=\"2021-05-17T18:07:27+00:00\" \/>\n<meta property=\"og:image\" content=\"https:\/\/www.megaglass.com.mx\/blog\/wp-content\/uploads\/2021\/05\/vidrios-control-solar-1.jpg\" \/>\n\t<meta property=\"og:image:width\" content=\"300\" \/>\n\t<meta property=\"og:image:height\" content=\"150\" \/>\n\t<meta property=\"og:image:type\" content=\"image\/jpeg\" \/>\n<meta name=\"twitter:card\" content=\"summary_large_image\" \/>\n<meta name=\"twitter:label1\" content=\"Tiempo de lectura\" \/>\n\t<meta name=\"twitter:data1\" content=\"4 minutos\" \/>\n<script type=\"application\/ld+json\" class=\"yoast-schema-graph\">{\"@context\":\"https:\/\/schema.org\",\"@graph\":[{\"@type\":\"WebPage\",\"@id\":\"https:\/\/www.megaglass.com.mx\/blog\/vidrio-control-solar\/\",\"url\":\"https:\/\/www.megaglass.com.mx\/blog\/vidrio-control-solar\/\",\"name\":\"\u25b7\u3010 Vidrio de control solar, caracter\u00edsticas y ventajas \u3011\u2713- Megaglass \u00ae\",\"isPartOf\":{\"@id\":\"https:\/\/www.megaglass.com.mx\/blog\/#website\"},\"datePublished\":\"2021-05-11T19:14:31+00:00\",\"dateModified\":\"2021-05-17T18:07:27+00:00\",\"breadcrumb\":{\"@id\":\"https:\/\/www.megaglass.com.mx\/blog\/vidrio-control-solar\/#breadcrumb\"},\"inLanguage\":\"es\",\"potentialAction\":[{\"@type\":\"ReadAction\",\"target\":[\"https:\/\/www.megaglass.com.mx\/blog\/vidrio-control-solar\/\"]}]},{\"@type\":\"BreadcrumbList\",\"@id\":\"https:\/\/www.megaglass.com.mx\/blog\/vidrio-control-solar\/#breadcrumb\",\"itemListElement\":[{\"@type\":\"ListItem\",\"position\":1,\"name\":\"Portada\",\"item\":\"https:\/\/www.megaglass.com.mx\/blog\/\"},{\"@type\":\"ListItem\",\"position\":2,\"name\":\"Vidrio de control solar, caracter\u00edsticas y ventajas\"}]},{\"@type\":\"WebSite\",\"@id\":\"https:\/\/www.megaglass.com.mx\/blog\/#website\",\"url\":\"https:\/\/www.megaglass.com.mx\/blog\/\",\"name\":\"Megaglass\",\"description\":\"vidrio de alto performance\",\"potentialAction\":[{\"@type\":\"SearchAction\",\"target\":{\"@type\":\"EntryPoint\",\"urlTemplate\":\"https:\/\/www.megaglass.com.mx\/blog\/?s={search_term_string}\"},\"query-input\":\"required name=search_term_string\"}],\"inLanguage\":\"es\"}]}<\/script>\n<!-- \/ Yoast SEO plugin. -->","yoast_head_json":{"title":"\u25b7\u3010 Vidrio de control solar, caracter\u00edsticas y ventajas \u3011\u2713- Megaglass \u00ae","robots":{"index":"index","follow":"follow","max-snippet":"max-snippet:-1","max-image-preview":"max-image-preview:large","max-video-preview":"max-video-preview:-1"},"canonical":"https:\/\/www.megaglass.com.mx\/blog\/vidrio-control-solar\/","og_locale":"es_ES","og_type":"article","og_title":"\u25b7\u3010 Vidrio de control solar, caracter\u00edsticas y ventajas \u3011\u2713- Megaglass \u00ae","og_description":"\u00bfQu\u00e9 son los vidrios de control solar? El vidrio de control solar ajusta la temperatura interior, haciendo que un edificio o habitaci\u00f3n sea m\u00e1s fresco y c\u00f3modo. Ya que permite la entrada de luz del sol, y al mismo tiempo refleja la mayor parte del calor hacia el exterior, para evitar que el espacio se &hellip; Vidrio de control solar, caracter\u00edsticas y ventajas Leer m\u00e1s &raquo;","og_url":"https:\/\/www.megaglass.com.mx\/blog\/vidrio-control-solar\/","og_site_name":"Megaglass","article_modified_time":"2021-05-17T18:07:27+00:00","og_image":[{"width":300,"height":150,"url":"https:\/\/www.megaglass.com.mx\/blog\/wp-content\/uploads\/2021\/05\/vidrios-control-solar-1.jpg","type":"image\/jpeg"}],"twitter_card":"summary_large_image","twitter_misc":{"Tiempo de lectura":"4 minutos"},"schema":{"@context":"https:\/\/schema.org","@graph":[{"@type":"WebPage","@id":"https:\/\/www.megaglass.com.mx\/blog\/vidrio-control-solar\/","url":"https:\/\/www.megaglass.com.mx\/blog\/vidrio-control-solar\/","name":"\u25b7\u3010 Vidrio de control solar, caracter\u00edsticas y ventajas \u3011\u2713- Megaglass \u00ae","isPartOf":{"@id":"https:\/\/www.megaglass.com.mx\/blog\/#website"},"datePublished":"2021-05-11T19:14:31+00:00","dateModified":"2021-05-17T18:07:27+00:00","breadcrumb":{"@id":"https:\/\/www.megaglass.com.mx\/blog\/vidrio-control-solar\/#breadcrumb"},"inLanguage":"es","potentialAction":[{"@type":"ReadAction","target":["https:\/\/www.megaglass.com.mx\/blog\/vidrio-control-solar\/"]}]},{"@type":"BreadcrumbList","@id":"https:\/\/www.megaglass.com.mx\/blog\/vidrio-control-solar\/#breadcrumb","itemListElement":[{"@type":"ListItem","position":1,"name":"Portada","item":"https:\/\/www.megaglass.com.mx\/blog\/"},{"@type":"ListItem","position":2,"name":"Vidrio de control solar, caracter\u00edsticas y ventajas"}]},{"@type":"WebSite","@id":"https:\/\/www.megaglass.com.mx\/blog\/#website","url":"https:\/\/www.megaglass.com.mx\/blog\/","name":"Megaglass","description":"vidrio de alto performance","potentialAction":[{"@type":"SearchAction","target":{"@type":"EntryPoint","urlTemplate":"https:\/\/www.megaglass.com.mx\/blog\/?s={search_term_string}"},"query-input":"required name=search_term_string"}],"inLanguage":"es"}]}},"_links":{"self":[{"href":"https:\/\/www.megaglass.com.mx\/blog\/wp-json\/wp\/v2\/pages\/2988","targetHints":{"allow":["GET"]}}],"collection":[{"href":"https:\/\/www.megaglass.com.mx\/blog\/wp-json\/wp\/v2\/pages"}],"about":[{"href":"https:\/\/www.megaglass.com.mx\/blog\/wp-json\/wp\/v2\/types\/page"}],"author":[{"embeddable":true,"href":"https:\/\/www.megaglass.com.mx\/blog\/wp-json\/wp\/v2\/users\/1"}],"replies":[{"embeddable":true,"href":"https:\/\/www.megaglass.com.mx\/blog\/wp-json\/wp\/v2\/comments?post=2988"}],"version-history":[{"count":13,"href":"https:\/\/www.megaglass.com.mx\/blog\/wp-json\/wp\/v2\/pages\/2988\/revisions"}],"predecessor-version":[{"id":3006,"href":"https:\/\/www.megaglass.com.mx\/blog\/wp-json\/wp\/v2\/pages\/2988\/revisions\/3006"}],"wp:featuredmedia":[{"embeddable":true,"href":"https:\/\/www.megaglass.com.mx\/blog\/wp-json\/wp\/v2\/media\/3161"}],"wp:attachment":[{"href":"https:\/\/www.megaglass.com.mx\/blog\/wp-json\/wp\/v2\/media?parent=2988"}],"wp:term":[{"taxonomy":"interlinks","embeddable":true,"href":"https:\/\/www.megaglass.com.mx\/blog\/wp-json\/wp\/v2\/interlinks?post=2988"}],"curies":[{"name":"wp","href":"https:\/\/api.w.org\/{rel}","templated":true}]}}