{"id":2788,"date":"2021-04-14T22:45:51","date_gmt":"2021-04-14T22:45:51","guid":{"rendered":"https:\/\/www.megaglass.com.mx\/blog\/?page_id=2788"},"modified":"2021-04-23T17:11:23","modified_gmt":"2021-04-23T17:11:23","slug":"vidrio-aislante","status":"publish","type":"page","link":"https:\/\/www.megaglass.com.mx\/blog\/vidrio-aislante\/","title":{"rendered":"Vidrio aislante, caracter\u00edsticas y ventajas"},"content":{"rendered":"\n<div class=\"wp-block-cover has-background-dim-70 has-background-dim alignfull\" style=\"background-color:#001f5b;min-height:300px;aspect-ratio:unset;\"><img loading=\"lazy\" decoding=\"async\" width=\"1500\" height=\"300\" class=\"wp-block-cover__image-background wp-image-2791\" alt=\"\" src=\"https:\/\/www.megaglass.com.mx\/blog\/wp-content\/uploads\/2021\/04\/vidrio-aislante.jpg\" data-object-fit=\"cover\" srcset=\"https:\/\/www.megaglass.com.mx\/blog\/wp-content\/uploads\/2021\/04\/vidrio-aislante.jpg 1500w, https:\/\/www.megaglass.com.mx\/blog\/wp-content\/uploads\/2021\/04\/vidrio-aislante-150x30.jpg 150w, https:\/\/www.megaglass.com.mx\/blog\/wp-content\/uploads\/2021\/04\/vidrio-aislante-1024x205.jpg 1024w, https:\/\/www.megaglass.com.mx\/blog\/wp-content\/uploads\/2021\/04\/vidrio-aislante-768x154.jpg 768w\" sizes=\"auto, (max-width: 1500px) 100vw, 1500px\" \/><div class=\"wp-block-cover__inner-container is-layout-flow wp-block-cover-is-layout-flow\">\n<h1 class=\"wp-block-heading\"><span class=\"ez-toc-section\" id=\"Vidrio_aislante_caracteristicas_y_ventajas\"><\/span>Vidrio aislante, caracter\u00edsticas y ventajas<span class=\"ez-toc-section-end\"><\/span><\/h1><div id=\"ez-toc-container\" class=\"ez-toc-v2_0_16 counter-hierarchy counter-decimal ez-toc-transparent\">\n<div class=\"ez-toc-title-container\">\n<p class=\"ez-toc-title\">&Iacute;ndice<\/p>\n<span class=\"ez-toc-title-toggle\"><a class=\"ez-toc-pull-right ez-toc-btn ez-toc-btn-xs ez-toc-btn-default ez-toc-toggle\" style=\"display: none;\"><i class=\"ez-toc-glyphicon ez-toc-icon-toggle\"><\/i><\/a><\/span><\/div>\n<nav><ul class=\"ez-toc-list ez-toc-list-level-1\"><li class=\"ez-toc-page-1 ez-toc-heading-level-1\"><a class=\"ez-toc-link ez-toc-heading-1\" href=\"https:\/\/www.megaglass.com.mx\/blog\/vidrio-aislante\/#Vidrio_aislante_caracteristicas_y_ventajas\" title=\"Vidrio aislante, caracter\u00edsticas y ventajas\">Vidrio aislante, caracter\u00edsticas y ventajas<\/a><ul class=\"ez-toc-list-level-2\"><li class=\"ez-toc-heading-level-2\"><a class=\"ez-toc-link ez-toc-heading-2\" href=\"https:\/\/www.megaglass.com.mx\/blog\/vidrio-aislante\/#Como_se_fabrican_los_vidrios_aislantes\" title=\"C\u00f3mo se fabrican los vidrios aislantes\">C\u00f3mo se fabrican los vidrios aislantes<\/a><\/li><li class=\"ez-toc-page-1 ez-toc-heading-level-2\"><a class=\"ez-toc-link ez-toc-heading-3\" href=\"https:\/\/www.megaglass.com.mx\/blog\/vidrio-aislante\/#Caracteristicas_de_las_unidades_de_vidrio_aislante\" title=\"Caracter\u00edsticas de las unidades de vidrio aislante\">Caracter\u00edsticas de las unidades de vidrio aislante<\/a><ul class=\"ez-toc-list-level-3\"><li class=\"ez-toc-heading-level-3\"><a class=\"ez-toc-link ez-toc-heading-4\" href=\"https:\/\/www.megaglass.com.mx\/blog\/vidrio-aislante\/#Ventajas_del_vidrio_aislante\" title=\"Ventajas del vidrio aislante\">Ventajas del vidrio aislante<\/a><\/li><\/ul><\/li><li class=\"ez-toc-page-1 ez-toc-heading-level-2\"><a class=\"ez-toc-link ez-toc-heading-5\" href=\"https:\/\/www.megaglass.com.mx\/blog\/vidrio-aislante\/#Vidrio_aislante_estructural\" title=\"Vidrio aislante estructural\">Vidrio aislante estructural<\/a><\/li><li class=\"ez-toc-page-1 ez-toc-heading-level-2\"><a class=\"ez-toc-link ez-toc-heading-6\" href=\"https:\/\/www.megaglass.com.mx\/blog\/vidrio-aislante\/#Consideraciones_al_instalar_vidrios_aislantes\" title=\"Consideraciones al instalar vidrios aislantes\">Consideraciones al instalar vidrios aislantes<\/a><\/li><li class=\"ez-toc-page-1 ez-toc-heading-level-2\"><a class=\"ez-toc-link ez-toc-heading-7\" href=\"https:\/\/www.megaglass.com.mx\/blog\/vidrio-aislante\/#%C2%BFNecesitas_una_cotizacion_o_asesoria\" title=\"\u00bfNecesitas una cotizaci\u00f3n o asesor\u00eda?\">\u00bfNecesitas una cotizaci\u00f3n o asesor\u00eda?<\/a><\/li><\/ul><\/li><\/ul><\/nav><\/div>\n\n<\/div><\/div>\n\n\n\n<p>El vidrio aislante est\u00e1 compuesto por dos o m\u00e1s piezas de vidrio separadas entre s\u00ed y formadas por un perfil s\u00e1ndwich en la periferia. La funci\u00f3n del tamiz molecular es absorber posible humedad del contenido de aire en la c\u00e1mara creada.<\/p>\n\n\n\n<p>El espacio entre las hojas de vidrios generalmente se llena con aire deshidratado u otros gases inertes, pero tambi\u00e9n se puede formar un vac\u00edo para mejorar su desempe\u00f1o. En cualquier caso, estas c\u00e1maras est\u00e1n selladas para evitar la circulaci\u00f3n de aire y la entrada de contaminantes. Gracias a su configuraci\u00f3n el vidrio es m\u00e1s eficaz de reducir el calor transferido del aire<\/p>\n\n\n\n<h2 class=\"wp-block-heading\"><span class=\"ez-toc-section\" id=\"Como_se_fabrican_los_vidrios_aislantes\"><\/span>C\u00f3mo se fabrican los vidrios aislantes<span class=\"ez-toc-section-end\"><\/span><\/h2>\n\n\n\n<p>Cada unidad de vidrio contiene un marco de aluminio (ambos deshidratados) relleno con un tamiz molecular de zeolita o gel de s\u00edlice, aunque tambi\u00e9n se puede construir una estructura de deshidrataci\u00f3n similar que une dos vidrios. El marco se suele fijar con alg\u00fan tipo de butilo y se sella con silicona, polisulfuro o poliuretano. La c\u00e1mara tambi\u00e9n se puede llenar con alg\u00fan gas generalmente arg\u00f3n o gas k, para mejorar el rendimiento del aislamiento t\u00e9rmico.<\/p>\n\n\n\n<p>El grosor y el tipo de vidrio dependen del tama\u00f1o del equipo y de la direcci\u00f3n esperada del viento. Adem\u00e1s de los requisitos de control solar, aislamiento ac\u00fastico y seguridad<\/p>\n\n\n\n<h2 class=\"wp-block-heading\"><span class=\"ez-toc-section\" id=\"Caracteristicas_de_las_unidades_de_vidrio_aislante\"><\/span>Caracter\u00edsticas de las unidades de vidrio aislante<span class=\"ez-toc-section-end\"><\/span><\/h2>\n\n\n\n<div class=\"wp-block-columns is-layout-flex wp-container-core-columns-is-layout-9d6595d7 wp-block-columns-is-layout-flex\">\n<div class=\"wp-block-column is-layout-flow wp-block-column-is-layout-flow\" style=\"flex-basis:33.33%\">\n<figure class=\"wp-block-image size-large is-resized\"><img loading=\"lazy\" decoding=\"async\" src=\"https:\/\/www.megaglass.com.mx\/blog\/wp-content\/uploads\/2021\/04\/unidad-de-vidrio-aislante.jpg\" alt=\"\" class=\"wp-image-2792\" width=\"273\" height=\"346\" srcset=\"https:\/\/www.megaglass.com.mx\/blog\/wp-content\/uploads\/2021\/04\/unidad-de-vidrio-aislante.jpg 546w, https:\/\/www.megaglass.com.mx\/blog\/wp-content\/uploads\/2021\/04\/unidad-de-vidrio-aislante-150x190.jpg 150w\" sizes=\"auto, (max-width: 273px) 100vw, 273px\" \/><\/figure>\n<\/div>\n\n\n\n<div class=\"wp-block-column is-layout-flow wp-block-column-is-layout-flow\" style=\"flex-basis:66.66%\">\n<p>El rendimiento y el dise\u00f1o del vidrio aislante lo convierten en un material de vidrio ideal y tiene amplias perspectivas de desarrollo. El vidrio aislante se ha utilizado en diversas aplicaciones, desde viviendas unifamiliares hasta edificios a gran escala en todo el mundo.<\/p>\n\n\n\n<h3 class=\"wp-block-heading\"><span class=\"ez-toc-section\" id=\"Ventajas_del_vidrio_aislante\"><\/span>Ventajas del vidrio aislante<span class=\"ez-toc-section-end\"><\/span><\/h3>\n\n\n\n<ul class=\"wp-block-list\"><li>Evita la condensaci\u00f3n.<\/li><li>Aporta seguridad<\/li><li>Regulas el paso de la luz.<\/li><li>Ahorra significativamente el consumo de energ\u00eda<\/li><li>Reduce las emisiones de di\u00f3xido de carbono.<\/li><li>Proteger del fr\u00edo o calor<\/li><li>Reduce considerablemente el ruido.<\/li><\/ul>\n<\/div>\n<\/div>\n\n\n\n<h2 class=\"wp-block-heading\"><span class=\"ez-toc-section\" id=\"Vidrio_aislante_estructural\"><\/span>Vidrio aislante estructural<span class=\"ez-toc-section-end\"><\/span><\/h2>\n\n\n\n<p>La mayor resistencia de los componentes de vidrio aislante lo convierte en el tipo de vidrio preferido para el vidrio estructural residencial, comercial e industrial. Las multicapas del vidrio aumentan la resistencia de los elementos de dise\u00f1o, haci\u00e9ndolos m\u00e1s duraderos, fuertes y seguros.<\/p>\n\n\n\n<p>La raz\u00f3n por la que el vidrio aislante es una opci\u00f3n ideal para puertas y ventanas es su adaptabilidad a las diferentes estaciones. El dise\u00f1o del vidrio aislante es principalmente para proteger el \u00e1rea del vidrio de una p\u00e9rdida o aumento excesivo de calor. En verano, este tipo de vidrio puede bloquear la entrada del calor del sol en la habitaci\u00f3n. En invierno, puede evitar que el calor interior se irradie hacia el exterior.<\/p>\n\n\n\n<p>En comparaci\u00f3n con el vidrio ordinario, tiene la ventaja adicional de reducir los problemas de condensaci\u00f3n.<\/p>\n\n\n\n<p>En cuanto al dise\u00f1o, el vidrio aislante proporciona una amplia gama de soluciones para proyectos de vidrio estructural grandes y peque\u00f1os. Por ejemplo, puede usar contornos que solo son visibles desde el interior para construir una pared exterior de vidrio exterior arquitect\u00f3nica atractiva.<\/p>\n\n\n\n<h2 class=\"wp-block-heading\"><span class=\"ez-toc-section\" id=\"Consideraciones_al_instalar_vidrios_aislantes\"><\/span>Consideraciones al instalar vidrios aislantes<span class=\"ez-toc-section-end\"><\/span><\/h2>\n\n\n\n<div class=\"wp-block-image\"><figure class=\"aligncenter size-large\"><img loading=\"lazy\" decoding=\"async\" width=\"800\" height=\"400\" src=\"https:\/\/www.megaglass.com.mx\/blog\/wp-content\/uploads\/2021\/04\/vidrio-aislante-ventajas.jpg\" alt=\"\" class=\"wp-image-2793\" srcset=\"https:\/\/www.megaglass.com.mx\/blog\/wp-content\/uploads\/2021\/04\/vidrio-aislante-ventajas.jpg 800w, https:\/\/www.megaglass.com.mx\/blog\/wp-content\/uploads\/2021\/04\/vidrio-aislante-ventajas-150x75.jpg 150w, https:\/\/www.megaglass.com.mx\/blog\/wp-content\/uploads\/2021\/04\/vidrio-aislante-ventajas-768x384.jpg 768w\" sizes=\"auto, (max-width: 800px) 100vw, 800px\" \/><\/figure><\/div>\n\n\n\n<p>Se debe seleccionar el tipo correcto de gas o mezcla de gases de acuerdo con el rendimiento a alcanzar y la compatibilidad con otros componentes del vidrio. El gas debe ser incoloro y at\u00f3xico, y su comportamiento debe ser cercano al gas ideal dentro del rango de temperatura de la ventana de vidrio.<\/p>\n\n\n\n<p>Cuando deba ser transportado y \/ o colocado en una posici\u00f3n 900 metros m\u00e1s alta que el sitio de producci\u00f3n, se debe colocar una v\u00e1lvula de equilibrio para vidrio aislante. Esto debido a que la presi\u00f3n del aire en la c\u00e1mara aumenta y es superior a la presi\u00f3n del aire exterior, lo que provocar\u00e1 una gran deformaci\u00f3n e incluso la rotura de la placa de vidrio.<\/p>\n\n\n\n<p>Con la ayuda de la v\u00e1lvula, el aire interno empujar\u00e1 y se descargar\u00e1 hacia afuera hasta que se alcance el equilibrio.<\/p>\n\n\n\n<p><strong>Posici\u00f3n<\/strong><\/p>\n\n\n\n<p>La v\u00e1lvula de gran altitud generalmente se aplica a uno de los lados verticales o superiores del vidrio aislante. La ubicaci\u00f3n est\u00e1 marcada con una etiqueta de color. La v\u00e1lvula no debe ubicarse en la superficie inferior del vidrio durante el almacenamiento y posterior colocaci\u00f3n.<\/p>\n\n\n\n<p><strong>Colocaci\u00f3n<\/strong><\/p>\n\n\n\n<p>Despu\u00e9s de llegar al destino, se debe cerrar el orificio de la v\u00e1lvula antes de colocar el vidrio aislante en su lugar. Esta \u00e1rea debe cubrirse completamente con el mismo sellador utilizado en la producci\u00f3n u otro sellador compatible.<\/p>\n\n\n\n<p>En las condiciones generalmente duras del sitio de construcci\u00f3n, el mantenimiento del vidrio sin sellar durante m\u00e1s tiempo del necesario puede hacer que el orificio se llene de polvo o suciedad y pueda llegar al interior de la separaci\u00f3n de los vidrios.<\/p>\n\n\n\n<p>Si el vidrio hueco con v\u00e1lvula no est\u00e1 sellado desde el exterior, dado que no se puede garantizar que la v\u00e1lvula sea 100% impermeable, el agua puede penetrar lentamente en la cavidad y ser absorbida por el desecante, lo que causar\u00e1 empa\u00f1amiento en la cavidad<\/p>\n\n\n\n<h2 class=\"has-text-align-center wp-block-heading\"><span class=\"ez-toc-section\" id=\"%C2%BFNecesitas_una_cotizacion_o_asesoria\"><\/span>\u00bfNecesitas una cotizaci\u00f3n o asesor\u00eda?<span class=\"ez-toc-section-end\"><\/span><\/h2>\n\n\n\n<div class=\"wp-block-buttons alignfull is-content-justification-center is-layout-flex wp-block-buttons-is-layout-flex\">\n<div class=\"wp-block-button\"><a class=\"wp-block-button__link\" href=\"https:\/\/www.megaglass.com.mx\/es\/contacto.php\" target=\"_blank\" rel=\"noreferrer noopener\"><strong>Solicitar Asesor\u00eda o Cotizaci\u00f3n<\/strong><\/a><\/div>\n<\/div>\n","protected":false},"excerpt":{"rendered":"<p>El vidrio aislante est\u00e1 compuesto por dos o m\u00e1s piezas de vidrio separadas entre s\u00ed y formadas por un perfil s\u00e1ndwich en la periferia. La funci\u00f3n del tamiz molecular es absorber posible humedad del contenido de aire en la c\u00e1mara creada. El espacio entre las hojas de vidrios generalmente se llena con aire deshidratado u &hellip;<\/p>\n<p class=\"read-more\"> <a class=\"\" href=\"https:\/\/www.megaglass.com.mx\/blog\/vidrio-aislante\/\"> <span class=\"screen-reader-text\">Vidrio aislante, caracter\u00edsticas y ventajas<\/span> Leer m\u00e1s &raquo;<\/a><\/p>\n","protected":false},"author":1,"featured_media":2796,"parent":0,"menu_order":0,"comment_status":"closed","ping_status":"closed","template":"","meta":{"search_volume":590,"footnotes":""},"interlinks":[4],"class_list":["post-2788","page","type-page","status-publish","has-post-thumbnail","hentry"],"yoast_head":"<!-- This site is optimized with the Yoast SEO plugin v19.5.1 - https:\/\/yoast.com\/wordpress\/plugins\/seo\/ -->\n<title>\u25b7\u3010 Vidrio aislante, caracter\u00edsticas y ventajas \u3011\u2713- Megaglass \u00ae<\/title>\n<meta name=\"robots\" content=\"index, follow, max-snippet:-1, max-image-preview:large, max-video-preview:-1\" \/>\n<link rel=\"canonical\" href=\"https:\/\/www.megaglass.com.mx\/blog\/vidrio-aislante\/\" \/>\n<meta property=\"og:locale\" content=\"es_ES\" \/>\n<meta property=\"og:type\" content=\"article\" \/>\n<meta property=\"og:title\" content=\"\u25b7\u3010 Vidrio aislante, caracter\u00edsticas y ventajas \u3011\u2713- Megaglass \u00ae\" \/>\n<meta property=\"og:description\" content=\"El vidrio aislante est\u00e1 compuesto por dos o m\u00e1s piezas de vidrio separadas entre s\u00ed y formadas por un perfil s\u00e1ndwich en la periferia. La funci\u00f3n del tamiz molecular es absorber posible humedad del contenido de aire en la c\u00e1mara creada. El espacio entre las hojas de vidrios generalmente se llena con aire deshidratado u &hellip; Vidrio aislante, caracter\u00edsticas y ventajas Leer m\u00e1s &raquo;\" \/>\n<meta property=\"og:url\" content=\"https:\/\/www.megaglass.com.mx\/blog\/vidrio-aislante\/\" \/>\n<meta property=\"og:site_name\" content=\"Megaglass\" \/>\n<meta property=\"article:modified_time\" content=\"2021-04-23T17:11:23+00:00\" \/>\n<meta property=\"og:image\" content=\"https:\/\/www.megaglass.com.mx\/blog\/wp-content\/uploads\/2021\/04\/vidrios-aislantes.jpg\" \/>\n\t<meta property=\"og:image:width\" content=\"300\" \/>\n\t<meta property=\"og:image:height\" content=\"150\" \/>\n\t<meta property=\"og:image:type\" content=\"image\/jpeg\" \/>\n<meta name=\"twitter:card\" content=\"summary_large_image\" \/>\n<meta name=\"twitter:label1\" content=\"Tiempo de lectura\" \/>\n\t<meta name=\"twitter:data1\" content=\"5 minutos\" \/>\n<script type=\"application\/ld+json\" class=\"yoast-schema-graph\">{\"@context\":\"https:\/\/schema.org\",\"@graph\":[{\"@type\":\"WebPage\",\"@id\":\"https:\/\/www.megaglass.com.mx\/blog\/vidrio-aislante\/\",\"url\":\"https:\/\/www.megaglass.com.mx\/blog\/vidrio-aislante\/\",\"name\":\"\u25b7\u3010 Vidrio aislante, caracter\u00edsticas y ventajas \u3011\u2713- Megaglass \u00ae\",\"isPartOf\":{\"@id\":\"https:\/\/www.megaglass.com.mx\/blog\/#website\"},\"datePublished\":\"2021-04-14T22:45:51+00:00\",\"dateModified\":\"2021-04-23T17:11:23+00:00\",\"breadcrumb\":{\"@id\":\"https:\/\/www.megaglass.com.mx\/blog\/vidrio-aislante\/#breadcrumb\"},\"inLanguage\":\"es\",\"potentialAction\":[{\"@type\":\"ReadAction\",\"target\":[\"https:\/\/www.megaglass.com.mx\/blog\/vidrio-aislante\/\"]}]},{\"@type\":\"BreadcrumbList\",\"@id\":\"https:\/\/www.megaglass.com.mx\/blog\/vidrio-aislante\/#breadcrumb\",\"itemListElement\":[{\"@type\":\"ListItem\",\"position\":1,\"name\":\"Portada\",\"item\":\"https:\/\/www.megaglass.com.mx\/blog\/\"},{\"@type\":\"ListItem\",\"position\":2,\"name\":\"Vidrio aislante, caracter\u00edsticas y ventajas\"}]},{\"@type\":\"WebSite\",\"@id\":\"https:\/\/www.megaglass.com.mx\/blog\/#website\",\"url\":\"https:\/\/www.megaglass.com.mx\/blog\/\",\"name\":\"Megaglass\",\"description\":\"vidrio de alto performance\",\"potentialAction\":[{\"@type\":\"SearchAction\",\"target\":{\"@type\":\"EntryPoint\",\"urlTemplate\":\"https:\/\/www.megaglass.com.mx\/blog\/?s={search_term_string}\"},\"query-input\":\"required name=search_term_string\"}],\"inLanguage\":\"es\"}]}<\/script>\n<!-- \/ Yoast SEO plugin. -->","yoast_head_json":{"title":"\u25b7\u3010 Vidrio aislante, caracter\u00edsticas y ventajas \u3011\u2713- Megaglass \u00ae","robots":{"index":"index","follow":"follow","max-snippet":"max-snippet:-1","max-image-preview":"max-image-preview:large","max-video-preview":"max-video-preview:-1"},"canonical":"https:\/\/www.megaglass.com.mx\/blog\/vidrio-aislante\/","og_locale":"es_ES","og_type":"article","og_title":"\u25b7\u3010 Vidrio aislante, caracter\u00edsticas y ventajas \u3011\u2713- Megaglass \u00ae","og_description":"El vidrio aislante est\u00e1 compuesto por dos o m\u00e1s piezas de vidrio separadas entre s\u00ed y formadas por un perfil s\u00e1ndwich en la periferia. La funci\u00f3n del tamiz molecular es absorber posible humedad del contenido de aire en la c\u00e1mara creada. El espacio entre las hojas de vidrios generalmente se llena con aire deshidratado u &hellip; Vidrio aislante, caracter\u00edsticas y ventajas Leer m\u00e1s &raquo;","og_url":"https:\/\/www.megaglass.com.mx\/blog\/vidrio-aislante\/","og_site_name":"Megaglass","article_modified_time":"2021-04-23T17:11:23+00:00","og_image":[{"width":300,"height":150,"url":"https:\/\/www.megaglass.com.mx\/blog\/wp-content\/uploads\/2021\/04\/vidrios-aislantes.jpg","type":"image\/jpeg"}],"twitter_card":"summary_large_image","twitter_misc":{"Tiempo de lectura":"5 minutos"},"schema":{"@context":"https:\/\/schema.org","@graph":[{"@type":"WebPage","@id":"https:\/\/www.megaglass.com.mx\/blog\/vidrio-aislante\/","url":"https:\/\/www.megaglass.com.mx\/blog\/vidrio-aislante\/","name":"\u25b7\u3010 Vidrio aislante, caracter\u00edsticas y ventajas \u3011\u2713- Megaglass \u00ae","isPartOf":{"@id":"https:\/\/www.megaglass.com.mx\/blog\/#website"},"datePublished":"2021-04-14T22:45:51+00:00","dateModified":"2021-04-23T17:11:23+00:00","breadcrumb":{"@id":"https:\/\/www.megaglass.com.mx\/blog\/vidrio-aislante\/#breadcrumb"},"inLanguage":"es","potentialAction":[{"@type":"ReadAction","target":["https:\/\/www.megaglass.com.mx\/blog\/vidrio-aislante\/"]}]},{"@type":"BreadcrumbList","@id":"https:\/\/www.megaglass.com.mx\/blog\/vidrio-aislante\/#breadcrumb","itemListElement":[{"@type":"ListItem","position":1,"name":"Portada","item":"https:\/\/www.megaglass.com.mx\/blog\/"},{"@type":"ListItem","position":2,"name":"Vidrio aislante, caracter\u00edsticas y ventajas"}]},{"@type":"WebSite","@id":"https:\/\/www.megaglass.com.mx\/blog\/#website","url":"https:\/\/www.megaglass.com.mx\/blog\/","name":"Megaglass","description":"vidrio de alto performance","potentialAction":[{"@type":"SearchAction","target":{"@type":"EntryPoint","urlTemplate":"https:\/\/www.megaglass.com.mx\/blog\/?s={search_term_string}"},"query-input":"required name=search_term_string"}],"inLanguage":"es"}]}},"_links":{"self":[{"href":"https:\/\/www.megaglass.com.mx\/blog\/wp-json\/wp\/v2\/pages\/2788","targetHints":{"allow":["GET"]}}],"collection":[{"href":"https:\/\/www.megaglass.com.mx\/blog\/wp-json\/wp\/v2\/pages"}],"about":[{"href":"https:\/\/www.megaglass.com.mx\/blog\/wp-json\/wp\/v2\/types\/page"}],"author":[{"embeddable":true,"href":"https:\/\/www.megaglass.com.mx\/blog\/wp-json\/wp\/v2\/users\/1"}],"replies":[{"embeddable":true,"href":"https:\/\/www.megaglass.com.mx\/blog\/wp-json\/wp\/v2\/comments?post=2788"}],"version-history":[{"count":5,"href":"https:\/\/www.megaglass.com.mx\/blog\/wp-json\/wp\/v2\/pages\/2788\/revisions"}],"predecessor-version":[{"id":2897,"href":"https:\/\/www.megaglass.com.mx\/blog\/wp-json\/wp\/v2\/pages\/2788\/revisions\/2897"}],"wp:featuredmedia":[{"embeddable":true,"href":"https:\/\/www.megaglass.com.mx\/blog\/wp-json\/wp\/v2\/media\/2796"}],"wp:attachment":[{"href":"https:\/\/www.megaglass.com.mx\/blog\/wp-json\/wp\/v2\/media?parent=2788"}],"wp:term":[{"taxonomy":"interlinks","embeddable":true,"href":"https:\/\/www.megaglass.com.mx\/blog\/wp-json\/wp\/v2\/interlinks?post=2788"}],"curies":[{"name":"wp","href":"https:\/\/api.w.org\/{rel}","templated":true}]}}