{"id":2749,"date":"2021-03-31T21:58:57","date_gmt":"2021-03-31T21:58:57","guid":{"rendered":"https:\/\/www.megaglass.com.mx\/blog\/?page_id=2749"},"modified":"2021-04-23T17:09:14","modified_gmt":"2021-04-23T17:09:14","slug":"caracteristicas-vidrio-templado","status":"publish","type":"page","link":"https:\/\/www.megaglass.com.mx\/blog\/caracteristicas-vidrio-templado\/","title":{"rendered":"Caracter\u00edsticas del vidrio templado"},"content":{"rendered":"\n<div class=\"wp-block-cover has-background-dim-70 has-background-dim alignfull\" style=\"background-color:#001f5b;min-height:300px;aspect-ratio:unset;\"><img loading=\"lazy\" decoding=\"async\" width=\"1500\" height=\"300\" class=\"wp-block-cover__image-background wp-image-2752\" alt=\"\" src=\"https:\/\/www.megaglass.com.mx\/blog\/wp-content\/uploads\/2021\/03\/caracteristicas-de-vidrio-templado.jpg\" data-object-fit=\"cover\" srcset=\"https:\/\/www.megaglass.com.mx\/blog\/wp-content\/uploads\/2021\/03\/caracteristicas-de-vidrio-templado.jpg 1500w, https:\/\/www.megaglass.com.mx\/blog\/wp-content\/uploads\/2021\/03\/caracteristicas-de-vidrio-templado-150x30.jpg 150w, https:\/\/www.megaglass.com.mx\/blog\/wp-content\/uploads\/2021\/03\/caracteristicas-de-vidrio-templado-1024x205.jpg 1024w, https:\/\/www.megaglass.com.mx\/blog\/wp-content\/uploads\/2021\/03\/caracteristicas-de-vidrio-templado-768x154.jpg 768w\" sizes=\"auto, (max-width: 1500px) 100vw, 1500px\" \/><div class=\"wp-block-cover__inner-container is-layout-flow wp-block-cover-is-layout-flow\">\n<h1 class=\"wp-block-heading\"><span class=\"ez-toc-section\" id=\"Caracteristicas_del_vidrio_templado\"><\/span>Caracter\u00edsticas del vidrio templado<span class=\"ez-toc-section-end\"><\/span><\/h1><div id=\"ez-toc-container\" class=\"ez-toc-v2_0_16 counter-hierarchy counter-decimal ez-toc-transparent\">\n<div class=\"ez-toc-title-container\">\n<p class=\"ez-toc-title\">&Iacute;ndice<\/p>\n<span class=\"ez-toc-title-toggle\"><a class=\"ez-toc-pull-right ez-toc-btn ez-toc-btn-xs ez-toc-btn-default ez-toc-toggle\" style=\"display: none;\"><i class=\"ez-toc-glyphicon ez-toc-icon-toggle\"><\/i><\/a><\/span><\/div>\n<nav><ul class=\"ez-toc-list ez-toc-list-level-1\"><li class=\"ez-toc-page-1 ez-toc-heading-level-1\"><a class=\"ez-toc-link ez-toc-heading-1\" href=\"https:\/\/www.megaglass.com.mx\/blog\/caracteristicas-vidrio-templado\/#Caracteristicas_del_vidrio_templado\" title=\"Caracter\u00edsticas del vidrio templado\">Caracter\u00edsticas del vidrio templado<\/a><ul class=\"ez-toc-list-level-2\"><li class=\"ez-toc-heading-level-2\"><a class=\"ez-toc-link ez-toc-heading-2\" href=\"https:\/\/www.megaglass.com.mx\/blog\/caracteristicas-vidrio-templado\/#Fabricacion_del_vidrio_templado\" title=\"Fabricaci\u00f3n del vidrio templado\">Fabricaci\u00f3n del vidrio templado<\/a><\/li><li class=\"ez-toc-page-1 ez-toc-heading-level-2\"><a class=\"ez-toc-link ez-toc-heading-3\" href=\"https:\/\/www.megaglass.com.mx\/blog\/caracteristicas-vidrio-templado\/#Caracteristicas_y_ventajas_de_los_vidrios_templados\" title=\"Caracter\u00edsticas y ventajas de los vidrios templados\">Caracter\u00edsticas y ventajas de los vidrios templados<\/a><ul class=\"ez-toc-list-level-3\"><li class=\"ez-toc-heading-level-3\"><a class=\"ez-toc-link ez-toc-heading-4\" href=\"https:\/\/www.megaglass.com.mx\/blog\/caracteristicas-vidrio-templado\/#Manipulacion\" title=\"Manipulaci\u00f3n\">Manipulaci\u00f3n<\/a><\/li><li class=\"ez-toc-page-1 ez-toc-heading-level-3\"><a class=\"ez-toc-link ez-toc-heading-5\" href=\"https:\/\/www.megaglass.com.mx\/blog\/caracteristicas-vidrio-templado\/#Seguridad\" title=\"Seguridad\">Seguridad<\/a><\/li><li class=\"ez-toc-page-1 ez-toc-heading-level-3\"><a class=\"ez-toc-link ez-toc-heading-6\" href=\"https:\/\/www.megaglass.com.mx\/blog\/caracteristicas-vidrio-templado\/#Calidad\" title=\"Calidad\">Calidad<\/a><\/li><li class=\"ez-toc-page-1 ez-toc-heading-level-3\"><a class=\"ez-toc-link ez-toc-heading-7\" href=\"https:\/\/www.megaglass.com.mx\/blog\/caracteristicas-vidrio-templado\/#Resistencia\" title=\"Resistencia\">Resistencia<\/a><\/li><li class=\"ez-toc-page-1 ez-toc-heading-level-3\"><a class=\"ez-toc-link ez-toc-heading-8\" href=\"https:\/\/www.megaglass.com.mx\/blog\/caracteristicas-vidrio-templado\/#Rotura\" title=\"Rotura\">Rotura<\/a><\/li><li class=\"ez-toc-page-1 ez-toc-heading-level-3\"><a class=\"ez-toc-link ez-toc-heading-9\" href=\"https:\/\/www.megaglass.com.mx\/blog\/caracteristicas-vidrio-templado\/#Temperatura\" title=\"Temperatura\">Temperatura<\/a><\/li><li class=\"ez-toc-page-1 ez-toc-heading-level-3\"><a class=\"ez-toc-link ez-toc-heading-10\" href=\"https:\/\/www.megaglass.com.mx\/blog\/caracteristicas-vidrio-templado\/#Limpieza\" title=\"Limpieza\">Limpieza<\/a><\/li><li class=\"ez-toc-page-1 ez-toc-heading-level-3\"><a class=\"ez-toc-link ez-toc-heading-11\" href=\"https:\/\/www.megaglass.com.mx\/blog\/caracteristicas-vidrio-templado\/#Aplicaciones\" title=\"Aplicaciones\">Aplicaciones<\/a><\/li><\/ul><\/li><li class=\"ez-toc-page-1 ez-toc-heading-level-2\"><a class=\"ez-toc-link ez-toc-heading-12\" href=\"https:\/\/www.megaglass.com.mx\/blog\/caracteristicas-vidrio-templado\/#%C2%BFNecesitas_una_cotizacion_o_asesoria\" title=\"\u00bfNecesitas una cotizaci\u00f3n o asesor\u00eda?\">\u00bfNecesitas una cotizaci\u00f3n o asesor\u00eda?<\/a><\/li><\/ul><\/li><\/ul><\/nav><\/div>\n\n<\/div><\/div>\n\n\n\n<p>El cristal templado es un vidrio de seguridad, que ha sido procesado mediante tratamiento t\u00e9rmico para aumentar su resistencia en comparaci\u00f3n con el vidrio ordinario. Esto se logra mediante un proceso de calentamiento y enfriamiento controlado del vidrio original. De esta forma se pueden mejorar las propiedades mec\u00e1nicas y t\u00e9rmicas del producto. Por su naturaleza, este vidrio es uno de los materiales m\u00e1s utilizados a nivel dom\u00e9stico junto con el aluminio y la madera. <\/p>\n\n\n\n<h2 class=\"wp-block-heading\"><span class=\"ez-toc-section\" id=\"Fabricacion_del_vidrio_templado\"><\/span>Fabricaci\u00f3n del vidrio templado<span class=\"ez-toc-section-end\"><\/span><\/h2>\n\n\n\n<p>Para hacer vidrio templado, el vidrio flotado se calienta gradualmente a una temperatura de ablandamiento de 575 a 635 \u00b0 C y luego se enfr\u00eda muy r\u00e1pidamente con aire. De esta forma, el vidrio queda expuesto a esfuerzos de compresi\u00f3n internos y de tracci\u00f3n en su superficie, por lo que su estructura y resistencia al impacto son mayores que las del vidrio sin tratar.<\/p>\n\n\n\n<h2 class=\"wp-block-heading\"><span class=\"ez-toc-section\" id=\"Caracteristicas_y_ventajas_de_los_vidrios_templados\"><\/span>Caracter\u00edsticas y ventajas de los vidrios templados<span class=\"ez-toc-section-end\"><\/span><\/h2>\n\n\n\n<div class=\"wp-block-image\"><figure class=\"aligncenter size-large\"><img loading=\"lazy\" decoding=\"async\" width=\"800\" height=\"400\" src=\"https:\/\/www.megaglass.com.mx\/blog\/wp-content\/uploads\/2021\/03\/vidrios-templados.jpg\" alt=\"\" class=\"wp-image-2756\" srcset=\"https:\/\/www.megaglass.com.mx\/blog\/wp-content\/uploads\/2021\/03\/vidrios-templados.jpg 800w, https:\/\/www.megaglass.com.mx\/blog\/wp-content\/uploads\/2021\/03\/vidrios-templados-150x75.jpg 150w, https:\/\/www.megaglass.com.mx\/blog\/wp-content\/uploads\/2021\/03\/vidrios-templados-768x384.jpg 768w\" sizes=\"auto, (max-width: 800px) 100vw, 800px\" \/><\/figure><\/div>\n\n\n\n<p>A continuaci\u00f3n te presentamos las principales caracter\u00edsticas por las que el vidrio templados es uno de los materiales m\u00e1s empleados en la construcci\u00f3n, y diversos productos de la vida cotidiana:<\/p>\n\n\n\n<h3 class=\"wp-block-heading\"><span class=\"ez-toc-section\" id=\"Manipulacion\"><\/span>Manipulaci\u00f3n<span class=\"ez-toc-section-end\"><\/span><\/h3>\n\n\n\n<p>Dado el vidrio templado no se puede modificar, todos los productos, ya sea corte a la medida, perforaciones, cantos, etc., deben realizarse antes del templado. Ya que, si se hacen despu\u00e9s, el cristal se romper\u00e1.<\/p>\n\n\n\n<p>Las propiedades obtenidas durante el proceso de templado hacen posible no solo que la hoja de vidrio no debilite su resistencia, aunque est\u00e9 perforada, sino tambi\u00e9n que pueda utilizarse como componente estructural.<\/p>\n\n\n\n<p>Debido a las mejoras mec\u00e1nicas realizadas en este proceso, el vidrio templado tiene una amplia gama de usos, por lo que estos vidrios pueden considerarse una buena opci\u00f3n tanto para uso en interiores como en exteriores.<\/p>\n\n\n\n<h3 class=\"wp-block-heading\"><span class=\"ez-toc-section\" id=\"Seguridad\"><\/span>Seguridad<span class=\"ez-toc-section-end\"><\/span><\/h3>\n\n\n\n<p>Adem\u00e1s de su alta resistencia, la seguridad del vidrio templado radica en la forma en que aparecen sus grietas. En caso de accidente, las grietas aparecen como peque\u00f1as part\u00edculas con bordes redondeados, a diferencia del vidrio ordinario que se rompe en pedazos grandes y afilados.<\/p>\n\n\n\n<h3 class=\"wp-block-heading\"><span class=\"ez-toc-section\" id=\"Calidad\"><\/span>Calidad<span class=\"ez-toc-section-end\"><\/span><\/h3>\n\n\n\n<p>La calidad del vidrio de seguridad se mide por el tama\u00f1o de estos fragmentos. Si el tama\u00f1o m\u00e1s grande de los fragmentos de vidrio es menos de 5 veces su grosor, o la masa de los 10 fragmentos m\u00e1s grandes no excede los 6.500 mil\u00edmetros cuadrados.<\/p>\n\n\n\n<h3 class=\"wp-block-heading\"><span class=\"ez-toc-section\" id=\"Resistencia\"><\/span>Resistencia<span class=\"ez-toc-section-end\"><\/span><\/h3>\n\n\n\n<div class=\"wp-block-image\"><figure class=\"aligncenter size-large\"><img loading=\"lazy\" decoding=\"async\" width=\"800\" height=\"400\" src=\"https:\/\/www.megaglass.com.mx\/blog\/wp-content\/uploads\/2021\/03\/propiedades-vidrio-templado.jpg\" alt=\"\" class=\"wp-image-2753\" srcset=\"https:\/\/www.megaglass.com.mx\/blog\/wp-content\/uploads\/2021\/03\/propiedades-vidrio-templado.jpg 800w, https:\/\/www.megaglass.com.mx\/blog\/wp-content\/uploads\/2021\/03\/propiedades-vidrio-templado-150x75.jpg 150w, https:\/\/www.megaglass.com.mx\/blog\/wp-content\/uploads\/2021\/03\/propiedades-vidrio-templado-768x384.jpg 768w\" sizes=\"auto, (max-width: 800px) 100vw, 800px\" \/><\/figure><\/div>\n\n\n\n<p>Un vidrio templado de aproximadamente 8 mm de espesor que puede soportar el impacto de una bola de acero de 500 g de 2 m de altura. El golpe fuerte supera por muchos cualquier golpe que pueda ocurrir un ba\u00f1o o negocio habitual.<\/p>\n\n\n\n<p>El m\u00f3dulo de rotura del vidrio no templado suele estar entre 350 y 550 Kg \/ cm2, mientras que el del vidrio templado de alta calidad est\u00e1 entre 1.850 y 2.100 Kg \/ cm2.<\/p>\n\n\n\n<h3 class=\"wp-block-heading\"><span class=\"ez-toc-section\" id=\"Rotura\"><\/span>Rotura<span class=\"ez-toc-section-end\"><\/span><\/h3>\n\n\n\n<p>La principal ventaja del vidrio templado es se rompe en peque\u00f1as part\u00edculas redondas que son compactas y uniformes, y no generan escombros potencialmente peligrosos en el suelo. Sin embargo, en el vidrio ordinario, los fragmentos peque\u00f1os con puntas afiladas lo que es muy peligroso.<\/p>\n\n\n\n<p>El punto m\u00e1s d\u00e9bil de estos vidrios es el borde. Solo en casos muy raros el vidrio templado se romper\u00e1 de forma espont\u00e1nea. Esto se debe a que se generar\u00e1n defectos de sulfuro de n\u00edquel durante el proceso de templado, lo que generar\u00e1 tensi\u00f3n hasta que se produzca la fractura espont\u00e1nea mencionada anteriormente. La fabricaci\u00f3n de este tipo de vidrio ha considerado este tipo de incidencia en sus est\u00e1ndares de tolerancia.<\/p>\n\n\n\n<h3 class=\"wp-block-heading\"><span class=\"ez-toc-section\" id=\"Temperatura\"><\/span>Temperatura<span class=\"ez-toc-section-end\"><\/span><\/h3>\n\n\n\n<div class=\"wp-block-image\"><figure class=\"aligncenter size-large\"><img loading=\"lazy\" decoding=\"async\" width=\"800\" height=\"400\" src=\"https:\/\/www.megaglass.com.mx\/blog\/wp-content\/uploads\/2021\/03\/templado-ventajas.jpg\" alt=\"\" class=\"wp-image-2755\" srcset=\"https:\/\/www.megaglass.com.mx\/blog\/wp-content\/uploads\/2021\/03\/templado-ventajas.jpg 800w, https:\/\/www.megaglass.com.mx\/blog\/wp-content\/uploads\/2021\/03\/templado-ventajas-150x75.jpg 150w, https:\/\/www.megaglass.com.mx\/blog\/wp-content\/uploads\/2021\/03\/templado-ventajas-768x384.jpg 768w\" sizes=\"auto, (max-width: 800px) 100vw, 800px\" \/><\/figure><\/div>\n\n\n\n<p>Una caracter\u00edstica notable del vidrio templado es que no absorbe el calor, lo que ayuda a mantener una temperatura estable. Esto gracias a que poseen una mayor resistencia al estr\u00e9s t\u00e9rmico que el vidrio ordinario y pueden soportar diferencias de temperatura de hasta 250 \u00b0 C.<\/p>\n\n\n\n<h3 class=\"wp-block-heading\"><span class=\"ez-toc-section\" id=\"Limpieza\"><\/span>Limpieza<span class=\"ez-toc-section-end\"><\/span><\/h3>\n\n\n\n<p>En t\u00e9rminos de higiene el vidrio templado se puede limpiar con cualquier producto de limpieza com\u00fan. Adem\u00e1s, por su estructura compacta y lisa significa evita que tengas peque\u00f1os agujeros para almacenar virus.<\/p>\n\n\n\n<h3 class=\"wp-block-heading\"><span class=\"ez-toc-section\" id=\"Aplicaciones\"><\/span>Aplicaciones<span class=\"ez-toc-section-end\"><\/span><\/h3>\n\n\n\n<p>Estas propiedades de resistencia f\u00edsica del vidrio templado lo convierten en un material ideal para diversas aplicaciones, como puertas de horno. Tambi\u00e9n se utilizan para vidrios de puertas, pantallas de computadoras, mamparas de ba\u00f1os, mesas, estanter\u00edas, ventanas, paredes de vidrio, techos de claraboyas, revestimientos de terrazas, galer\u00edas, etc. Su aplicaci\u00f3n es gracias a sus caracter\u00edsticas que lo hacen muy adecuado para un uso intensivo diario.<\/p>\n\n\n\n<h2 class=\"has-text-align-center wp-block-heading\"><span class=\"ez-toc-section\" id=\"%C2%BFNecesitas_una_cotizacion_o_asesoria\"><\/span>\u00bfNecesitas una cotizaci\u00f3n o asesor\u00eda?<span class=\"ez-toc-section-end\"><\/span><\/h2>\n\n\n\n<div class=\"wp-block-buttons alignfull is-content-justification-center is-layout-flex wp-block-buttons-is-layout-flex\">\n<div class=\"wp-block-button\"><a class=\"wp-block-button__link\" href=\"https:\/\/www.megaglass.com.mx\/es\/contacto.php\" target=\"_blank\" rel=\"noreferrer noopener\"><strong>Solicitar Asesor\u00eda o Cotizaci\u00f3n<\/strong><\/a><\/div>\n<\/div>\n","protected":false},"excerpt":{"rendered":"<p>El cristal templado es un vidrio de seguridad, que ha sido procesado mediante tratamiento t\u00e9rmico para aumentar su resistencia en comparaci\u00f3n con el vidrio ordinario. Esto se logra mediante un proceso de calentamiento y enfriamiento controlado del vidrio original. De esta forma se pueden mejorar las propiedades mec\u00e1nicas y t\u00e9rmicas del producto. Por su naturaleza, &hellip;<\/p>\n<p class=\"read-more\"> <a class=\"\" href=\"https:\/\/www.megaglass.com.mx\/blog\/caracteristicas-vidrio-templado\/\"> <span class=\"screen-reader-text\">Caracter\u00edsticas del vidrio templado<\/span> Leer m\u00e1s &raquo;<\/a><\/p>\n","protected":false},"author":1,"featured_media":2757,"parent":0,"menu_order":0,"comment_status":"closed","ping_status":"closed","template":"","meta":{"search_volume":90,"footnotes":""},"interlinks":[4],"class_list":["post-2749","page","type-page","status-publish","has-post-thumbnail","hentry"],"yoast_head":"<!-- This site is optimized with the Yoast SEO plugin v19.5.1 - https:\/\/yoast.com\/wordpress\/plugins\/seo\/ -->\n<title>\u25b7\u3010 Caracter\u00edsticas del vidrio templado \u3011\u2713- Megaglass \u00ae<\/title>\n<meta name=\"robots\" content=\"index, follow, max-snippet:-1, max-image-preview:large, max-video-preview:-1\" \/>\n<link rel=\"canonical\" href=\"https:\/\/www.megaglass.com.mx\/blog\/caracteristicas-vidrio-templado\/\" \/>\n<meta property=\"og:locale\" content=\"es_ES\" \/>\n<meta property=\"og:type\" content=\"article\" \/>\n<meta property=\"og:title\" content=\"\u25b7\u3010 Caracter\u00edsticas del vidrio templado \u3011\u2713- Megaglass \u00ae\" \/>\n<meta property=\"og:description\" content=\"El cristal templado es un vidrio de seguridad, que ha sido procesado mediante tratamiento t\u00e9rmico para aumentar su resistencia en comparaci\u00f3n con el vidrio ordinario. Esto se logra mediante un proceso de calentamiento y enfriamiento controlado del vidrio original. De esta forma se pueden mejorar las propiedades mec\u00e1nicas y t\u00e9rmicas del producto. Por su naturaleza, &hellip; Caracter\u00edsticas del vidrio templado Leer m\u00e1s &raquo;\" \/>\n<meta property=\"og:url\" content=\"https:\/\/www.megaglass.com.mx\/blog\/caracteristicas-vidrio-templado\/\" \/>\n<meta property=\"og:site_name\" content=\"Megaglass\" \/>\n<meta property=\"article:modified_time\" content=\"2021-04-23T17:09:14+00:00\" \/>\n<meta property=\"og:image\" content=\"https:\/\/www.megaglass.com.mx\/blog\/wp-content\/uploads\/2021\/03\/vidrio-templado-caracterisiticas.jpg\" \/>\n\t<meta property=\"og:image:width\" content=\"300\" \/>\n\t<meta property=\"og:image:height\" content=\"150\" \/>\n\t<meta property=\"og:image:type\" content=\"image\/jpeg\" \/>\n<meta name=\"twitter:card\" content=\"summary_large_image\" \/>\n<meta name=\"twitter:label1\" content=\"Tiempo de lectura\" \/>\n\t<meta name=\"twitter:data1\" content=\"4 minutos\" \/>\n<script type=\"application\/ld+json\" class=\"yoast-schema-graph\">{\"@context\":\"https:\/\/schema.org\",\"@graph\":[{\"@type\":\"WebPage\",\"@id\":\"https:\/\/www.megaglass.com.mx\/blog\/caracteristicas-vidrio-templado\/\",\"url\":\"https:\/\/www.megaglass.com.mx\/blog\/caracteristicas-vidrio-templado\/\",\"name\":\"\u25b7\u3010 Caracter\u00edsticas del vidrio templado \u3011\u2713- Megaglass \u00ae\",\"isPartOf\":{\"@id\":\"https:\/\/www.megaglass.com.mx\/blog\/#website\"},\"datePublished\":\"2021-03-31T21:58:57+00:00\",\"dateModified\":\"2021-04-23T17:09:14+00:00\",\"breadcrumb\":{\"@id\":\"https:\/\/www.megaglass.com.mx\/blog\/caracteristicas-vidrio-templado\/#breadcrumb\"},\"inLanguage\":\"es\",\"potentialAction\":[{\"@type\":\"ReadAction\",\"target\":[\"https:\/\/www.megaglass.com.mx\/blog\/caracteristicas-vidrio-templado\/\"]}]},{\"@type\":\"BreadcrumbList\",\"@id\":\"https:\/\/www.megaglass.com.mx\/blog\/caracteristicas-vidrio-templado\/#breadcrumb\",\"itemListElement\":[{\"@type\":\"ListItem\",\"position\":1,\"name\":\"Portada\",\"item\":\"https:\/\/www.megaglass.com.mx\/blog\/\"},{\"@type\":\"ListItem\",\"position\":2,\"name\":\"Caracter\u00edsticas del vidrio templado\"}]},{\"@type\":\"WebSite\",\"@id\":\"https:\/\/www.megaglass.com.mx\/blog\/#website\",\"url\":\"https:\/\/www.megaglass.com.mx\/blog\/\",\"name\":\"Megaglass\",\"description\":\"vidrio de alto performance\",\"potentialAction\":[{\"@type\":\"SearchAction\",\"target\":{\"@type\":\"EntryPoint\",\"urlTemplate\":\"https:\/\/www.megaglass.com.mx\/blog\/?s={search_term_string}\"},\"query-input\":\"required name=search_term_string\"}],\"inLanguage\":\"es\"}]}<\/script>\n<!-- \/ Yoast SEO plugin. -->","yoast_head_json":{"title":"\u25b7\u3010 Caracter\u00edsticas del vidrio templado \u3011\u2713- Megaglass \u00ae","robots":{"index":"index","follow":"follow","max-snippet":"max-snippet:-1","max-image-preview":"max-image-preview:large","max-video-preview":"max-video-preview:-1"},"canonical":"https:\/\/www.megaglass.com.mx\/blog\/caracteristicas-vidrio-templado\/","og_locale":"es_ES","og_type":"article","og_title":"\u25b7\u3010 Caracter\u00edsticas del vidrio templado \u3011\u2713- Megaglass \u00ae","og_description":"El cristal templado es un vidrio de seguridad, que ha sido procesado mediante tratamiento t\u00e9rmico para aumentar su resistencia en comparaci\u00f3n con el vidrio ordinario. Esto se logra mediante un proceso de calentamiento y enfriamiento controlado del vidrio original. De esta forma se pueden mejorar las propiedades mec\u00e1nicas y t\u00e9rmicas del producto. Por su naturaleza, &hellip; Caracter\u00edsticas del vidrio templado Leer m\u00e1s &raquo;","og_url":"https:\/\/www.megaglass.com.mx\/blog\/caracteristicas-vidrio-templado\/","og_site_name":"Megaglass","article_modified_time":"2021-04-23T17:09:14+00:00","og_image":[{"width":300,"height":150,"url":"https:\/\/www.megaglass.com.mx\/blog\/wp-content\/uploads\/2021\/03\/vidrio-templado-caracterisiticas.jpg","type":"image\/jpeg"}],"twitter_card":"summary_large_image","twitter_misc":{"Tiempo de lectura":"4 minutos"},"schema":{"@context":"https:\/\/schema.org","@graph":[{"@type":"WebPage","@id":"https:\/\/www.megaglass.com.mx\/blog\/caracteristicas-vidrio-templado\/","url":"https:\/\/www.megaglass.com.mx\/blog\/caracteristicas-vidrio-templado\/","name":"\u25b7\u3010 Caracter\u00edsticas del vidrio templado \u3011\u2713- Megaglass \u00ae","isPartOf":{"@id":"https:\/\/www.megaglass.com.mx\/blog\/#website"},"datePublished":"2021-03-31T21:58:57+00:00","dateModified":"2021-04-23T17:09:14+00:00","breadcrumb":{"@id":"https:\/\/www.megaglass.com.mx\/blog\/caracteristicas-vidrio-templado\/#breadcrumb"},"inLanguage":"es","potentialAction":[{"@type":"ReadAction","target":["https:\/\/www.megaglass.com.mx\/blog\/caracteristicas-vidrio-templado\/"]}]},{"@type":"BreadcrumbList","@id":"https:\/\/www.megaglass.com.mx\/blog\/caracteristicas-vidrio-templado\/#breadcrumb","itemListElement":[{"@type":"ListItem","position":1,"name":"Portada","item":"https:\/\/www.megaglass.com.mx\/blog\/"},{"@type":"ListItem","position":2,"name":"Caracter\u00edsticas del vidrio templado"}]},{"@type":"WebSite","@id":"https:\/\/www.megaglass.com.mx\/blog\/#website","url":"https:\/\/www.megaglass.com.mx\/blog\/","name":"Megaglass","description":"vidrio de alto performance","potentialAction":[{"@type":"SearchAction","target":{"@type":"EntryPoint","urlTemplate":"https:\/\/www.megaglass.com.mx\/blog\/?s={search_term_string}"},"query-input":"required name=search_term_string"}],"inLanguage":"es"}]}},"_links":{"self":[{"href":"https:\/\/www.megaglass.com.mx\/blog\/wp-json\/wp\/v2\/pages\/2749","targetHints":{"allow":["GET"]}}],"collection":[{"href":"https:\/\/www.megaglass.com.mx\/blog\/wp-json\/wp\/v2\/pages"}],"about":[{"href":"https:\/\/www.megaglass.com.mx\/blog\/wp-json\/wp\/v2\/types\/page"}],"author":[{"embeddable":true,"href":"https:\/\/www.megaglass.com.mx\/blog\/wp-json\/wp\/v2\/users\/1"}],"replies":[{"embeddable":true,"href":"https:\/\/www.megaglass.com.mx\/blog\/wp-json\/wp\/v2\/comments?post=2749"}],"version-history":[{"count":5,"href":"https:\/\/www.megaglass.com.mx\/blog\/wp-json\/wp\/v2\/pages\/2749\/revisions"}],"predecessor-version":[{"id":3476,"href":"https:\/\/www.megaglass.com.mx\/blog\/wp-json\/wp\/v2\/pages\/2749\/revisions\/3476"}],"wp:featuredmedia":[{"embeddable":true,"href":"https:\/\/www.megaglass.com.mx\/blog\/wp-json\/wp\/v2\/media\/2757"}],"wp:attachment":[{"href":"https:\/\/www.megaglass.com.mx\/blog\/wp-json\/wp\/v2\/media?parent=2749"}],"wp:term":[{"taxonomy":"interlinks","embeddable":true,"href":"https:\/\/www.megaglass.com.mx\/blog\/wp-json\/wp\/v2\/interlinks?post=2749"}],"curies":[{"name":"wp","href":"https:\/\/api.w.org\/{rel}","templated":true}]}}