{"id":2408,"date":"2021-02-11T18:04:46","date_gmt":"2021-02-11T18:04:46","guid":{"rendered":"https:\/\/www.megaglass.com.mx\/blog\/?page_id=2408"},"modified":"2021-04-23T17:05:18","modified_gmt":"2021-04-23T17:05:18","slug":"ventajas-del-vidrio","status":"publish","type":"page","link":"https:\/\/www.megaglass.com.mx\/blog\/ventajas-del-vidrio\/","title":{"rendered":"Ventajas del vidrio en la construcci\u00f3n"},"content":{"rendered":"\n<div class=\"wp-block-cover has-background-dim-70 has-background-dim alignfull\" style=\"background-color:#001f5b;min-height:300px;aspect-ratio:unset;\"><img loading=\"lazy\" decoding=\"async\" width=\"1500\" height=\"300\" class=\"wp-block-cover__image-background wp-image-2518\" alt=\"\" src=\"https:\/\/www.megaglass.com.mx\/blog\/wp-content\/uploads\/2021\/02\/ventajas_desventajas_del_vidrio.jpg\" data-object-fit=\"cover\" srcset=\"https:\/\/www.megaglass.com.mx\/blog\/wp-content\/uploads\/2021\/02\/ventajas_desventajas_del_vidrio.jpg 1500w, https:\/\/www.megaglass.com.mx\/blog\/wp-content\/uploads\/2021\/02\/ventajas_desventajas_del_vidrio-150x30.jpg 150w, https:\/\/www.megaglass.com.mx\/blog\/wp-content\/uploads\/2021\/02\/ventajas_desventajas_del_vidrio-1024x205.jpg 1024w, https:\/\/www.megaglass.com.mx\/blog\/wp-content\/uploads\/2021\/02\/ventajas_desventajas_del_vidrio-768x154.jpg 768w\" sizes=\"auto, (max-width: 1500px) 100vw, 1500px\" \/><div class=\"wp-block-cover__inner-container is-layout-flow wp-block-cover-is-layout-flow\">\n<h1 class=\"wp-block-heading\"><span class=\"ez-toc-section\" id=\"Ventajas_del_vidrio_en_la_construccion\"><\/span><strong>Ventajas del vidrio en la construcci\u00f3n<\/strong><span class=\"ez-toc-section-end\"><\/span><\/h1><div id=\"ez-toc-container\" class=\"ez-toc-v2_0_16 counter-hierarchy counter-decimal ez-toc-transparent\">\n<div class=\"ez-toc-title-container\">\n<p class=\"ez-toc-title\">&Iacute;ndice<\/p>\n<span class=\"ez-toc-title-toggle\"><a class=\"ez-toc-pull-right ez-toc-btn ez-toc-btn-xs ez-toc-btn-default ez-toc-toggle\" style=\"display: none;\"><i class=\"ez-toc-glyphicon ez-toc-icon-toggle\"><\/i><\/a><\/span><\/div>\n<nav><ul class=\"ez-toc-list ez-toc-list-level-1\"><li class=\"ez-toc-page-1 ez-toc-heading-level-1\"><a class=\"ez-toc-link ez-toc-heading-1\" href=\"https:\/\/www.megaglass.com.mx\/blog\/ventajas-del-vidrio\/#Ventajas_del_vidrio_en_la_construccion\" title=\"Ventajas del vidrio en la construcci\u00f3n\">Ventajas del vidrio en la construcci\u00f3n<\/a><ul class=\"ez-toc-list-level-2\"><li class=\"ez-toc-heading-level-2\"><a class=\"ez-toc-link ez-toc-heading-2\" href=\"https:\/\/www.megaglass.com.mx\/blog\/ventajas-del-vidrio\/#%C2%BFQue_ventajas_posee_el_vidrio\" title=\"\u00bfQu\u00e9 ventajas posee el vidrio?\">\u00bfQu\u00e9 ventajas posee el vidrio?<\/a><\/li><li class=\"ez-toc-page-1 ez-toc-heading-level-2\"><a class=\"ez-toc-link ez-toc-heading-3\" href=\"https:\/\/www.megaglass.com.mx\/blog\/ventajas-del-vidrio\/#Beneficios_del_vidrio_en_la_arquitectura\" title=\"Beneficios del vidrio en la arquitectura\">Beneficios del vidrio en la arquitectura<\/a><ul class=\"ez-toc-list-level-3\"><li class=\"ez-toc-heading-level-3\"><a class=\"ez-toc-link ez-toc-heading-4\" href=\"https:\/\/www.megaglass.com.mx\/blog\/ventajas-del-vidrio\/#10_Ventajas_de_usar_vidrio_en_la_construccion\" title=\"10 &nbsp;Ventajas de usar &nbsp;vidrio en la construcci\u00f3n\">10 &nbsp;Ventajas de usar &nbsp;vidrio en la construcci\u00f3n<\/a><\/li><li class=\"ez-toc-page-1 ez-toc-heading-level-3\"><a class=\"ez-toc-link ez-toc-heading-5\" href=\"https:\/\/www.megaglass.com.mx\/blog\/ventajas-del-vidrio\/#%C2%BFPor_que_usar_vidrio_para_la_construccion_de_fachadas\" title=\"\u00bfPor qu\u00e9 usar vidrio para la construcci\u00f3n de fachadas?\">\u00bfPor qu\u00e9 usar vidrio para la construcci\u00f3n de fachadas?<\/a><\/li><\/ul><\/li><li class=\"ez-toc-page-1 ez-toc-heading-level-2\"><a class=\"ez-toc-link ez-toc-heading-6\" href=\"https:\/\/www.megaglass.com.mx\/blog\/ventajas-del-vidrio\/#%C2%BFCuales_son_las_ventajas_de_los_muros_de_vidrio\" title=\"\u00bfCu\u00e1les son las ventajas de los muros de vidrio?\">\u00bfCu\u00e1les son las ventajas de los muros de vidrio?<\/a><ul class=\"ez-toc-list-level-3\"><li class=\"ez-toc-heading-level-3\"><a class=\"ez-toc-link ez-toc-heading-7\" href=\"https:\/\/www.megaglass.com.mx\/blog\/ventajas-del-vidrio\/#Algunas_desventajas_del_vidrio\" title=\"Algunas desventajas del vidrio\">Algunas desventajas del vidrio<\/a><\/li><\/ul><\/li><li class=\"ez-toc-page-1 ez-toc-heading-level-2\"><a class=\"ez-toc-link ez-toc-heading-8\" href=\"https:\/\/www.megaglass.com.mx\/blog\/ventajas-del-vidrio\/#%C2%BFNecesitas_una_cotizacion_o_asesoria\" title=\"\u00bfNecesitas una cotizaci\u00f3n o asesor\u00eda?\">\u00bfNecesitas una cotizaci\u00f3n o asesor\u00eda?<\/a><\/li><\/ul><\/li><\/ul><\/nav><\/div>\n\n<\/div><\/div>\n\n\n\n<p>El vidrio tiene un amplio abanico de usos debido a su versatilidad, por sus ventajas se ha convertido en un material ideal para iluminar, esconder o aislar. La raz\u00f3n por la que este material sigue siendo uno de los materiales m\u00e1s utilizados en la construcci\u00f3n son sus usos y una gran variedad de cosas que se puede hacer como son: paredes, ladrillos, ventanas, puertas, etc. <\/p>\n\n\n\n<p>Aqu\u00ed podr\u00e1s conocer todas la ventajas que ofrece el vidrio para la construcci\u00f3n de edificios y casas.<\/p>\n\n\n\n<h2 class=\"wp-block-heading\"><span class=\"ez-toc-section\" id=\"%C2%BFQue_ventajas_posee_el_vidrio\"><\/span><strong>\u00bfQu\u00e9 ventajas posee el vidrio?<\/strong><span class=\"ez-toc-section-end\"><\/span><\/h2>\n\n\n\n<div class=\"wp-block-image\"><figure class=\"aligncenter size-large\"><img loading=\"lazy\" decoding=\"async\" width=\"800\" height=\"400\" src=\"https:\/\/www.megaglass.com.mx\/blog\/wp-content\/uploads\/2021\/02\/vidrio_en_la_construccion.jpg\" alt=\"ventajas del vidrio en fachadas\" class=\"wp-image-2520\" srcset=\"https:\/\/www.megaglass.com.mx\/blog\/wp-content\/uploads\/2021\/02\/vidrio_en_la_construccion.jpg 800w, https:\/\/www.megaglass.com.mx\/blog\/wp-content\/uploads\/2021\/02\/vidrio_en_la_construccion-150x75.jpg 150w, https:\/\/www.megaglass.com.mx\/blog\/wp-content\/uploads\/2021\/02\/vidrio_en_la_construccion-768x384.jpg 768w, https:\/\/www.megaglass.com.mx\/blog\/wp-content\/uploads\/2021\/02\/vidrio_en_la_construccion-300x150.jpg 300w\" sizes=\"auto, (max-width: 800px) 100vw, 800px\" \/><\/figure><\/div>\n\n\n\n<p>A diferencia de otros materiales, el vidrio combina elegancia y durabilidad, razones por las que se emplea mucho en edificios modernos. Las caracter\u00edsticas m\u00e1s importantes del vidrio son las siguientes:<\/p>\n\n\n\n<ul class=\"wp-block-list\"><li><strong>Apariencia: <\/strong>posee diversos grados de transparencia, translucidez y opacidad.<\/li><li><strong>Resistencia qu\u00edmica:<\/strong> el vidrio es qu\u00edmicamente inerte y tiene una resistencia considerable a los reactivos qu\u00edmicos a temperatura ambiente.<\/li><li><strong>Fuerza mec\u00e1nica:<\/strong> la resistencia a la tracci\u00f3n del vidrio es de 4 a 10 kgf \/ mm2 (kilogramo de fuerza \/ mil\u00edmetro cuadrado) y la resistencia a la compresi\u00f3n es de 100 kgf \/ mm2. Estos indicadores muestran que tiene buena resistencia al impacto y resistencia a la presi\u00f3n<\/li><li><strong>Aislante el\u00e9ctrico:<\/strong> el vidrio es un material aislante diferente de los materiales met\u00e1licos a temperatura ambiente.<\/li><li><strong>Maleabilidad: <\/strong>Su trabajo en caliente le permite obtener diversos formatos, diversas formas, contornos, pesos y capacidades.<\/li><li><strong>Material reciclable:<\/strong> La transici\u00f3n de s\u00f3lido a pasta puede darle al vidrio una nueva forma sin perder ning\u00fan componente, haciendo que el vidrio sea 100% reciclable<\/li><\/ul>\n\n\n\n<h2 class=\"wp-block-heading\"><span class=\"ez-toc-section\" id=\"Beneficios_del_vidrio_en_la_arquitectura\"><\/span><strong>Beneficios del vidrio en la arquitectura<\/strong><span class=\"ez-toc-section-end\"><\/span><\/h2>\n\n\n\n<div class=\"wp-block-image\"><figure class=\"aligncenter size-large\"><img loading=\"lazy\" decoding=\"async\" width=\"800\" height=\"400\" src=\"https:\/\/www.megaglass.com.mx\/blog\/wp-content\/uploads\/2021\/02\/beneficios_de_vidrio_arquitectura.jpg\" alt=\"beneficios del vidrio en arquitectura\" class=\"wp-image-2521\" srcset=\"https:\/\/www.megaglass.com.mx\/blog\/wp-content\/uploads\/2021\/02\/beneficios_de_vidrio_arquitectura.jpg 800w, https:\/\/www.megaglass.com.mx\/blog\/wp-content\/uploads\/2021\/02\/beneficios_de_vidrio_arquitectura-150x75.jpg 150w, https:\/\/www.megaglass.com.mx\/blog\/wp-content\/uploads\/2021\/02\/beneficios_de_vidrio_arquitectura-768x384.jpg 768w, https:\/\/www.megaglass.com.mx\/blog\/wp-content\/uploads\/2021\/02\/beneficios_de_vidrio_arquitectura-300x150.jpg 300w\" sizes=\"auto, (max-width: 800px) 100vw, 800px\" \/><\/figure><\/div>\n\n\n\n<p>La pared exterior de cualquier edificio es la parte m\u00e1s hermosa y atractiva no obstante los edificios de vidrio tienen otras funciones, no solo la de darle al edificio una apariencia hermosa y moderna algunas de estas caracter\u00edsticas o ventajas son las siguientes:<\/p>\n\n\n\n<h3 class=\"wp-block-heading\"><span class=\"ez-toc-section\" id=\"10_Ventajas_de_usar_vidrio_en_la_construccion\"><\/span><strong>10 &nbsp;Ventajas de usar &nbsp;vidrio en la construcci\u00f3n<\/strong><span class=\"ez-toc-section-end\"><\/span><\/h3>\n\n\n\n<ol class=\"wp-block-list\" type=\"1\"><li>Las paredes de vidrio generan una apariencia lujosa.<\/li><li>Crea efectos visuales&nbsp; impresionantes.<\/li><li>Permite ver las cosas al otro lado de la habitaci\u00f3n sin compartir el entorno.<\/li><li>Ofrece&nbsp; una mayor sensaci\u00f3n de tama\u00f1o.<\/li><li>Permite aprovechar la luz natural.<\/li><li>Ayuda a crear varios estilos de decoraci\u00f3n.<\/li><li>Reducen los costes de climatizaci\u00f3n y luz artificial.<\/li><li>Aportan toda la robustez y resistencia necesaria.<\/li><li>Hace que el espacio sea amplio y ordenado.<\/li><li>Reduce los niveles de estr\u00e9s y ayuda a relajarse.<\/li><\/ol>\n\n\n\n<h3 class=\"wp-block-heading\"><span class=\"ez-toc-section\" id=\"%C2%BFPor_que_usar_vidrio_para_la_construccion_de_fachadas\"><\/span><strong>\u00bfPor qu\u00e9 usar vidrio para la construcci\u00f3n de fachadas?<\/strong><span class=\"ez-toc-section-end\"><\/span><\/h3>\n\n\n\n<p>Por su elegancia, la transmisi\u00f3n y transparencia de la luz exterior, el vidrio se ha convertido en un aliado arquitect\u00f3nico perfecto para decorar casas y se utiliza como material transparente en el exterior de los edificios. <\/p>\n\n\n\n<h2 class=\"wp-block-heading\"><span class=\"ez-toc-section\" id=\"%C2%BFCuales_son_las_ventajas_de_los_muros_de_vidrio\"><\/span><strong>\u00bfCu\u00e1les son las ventajas de los muros de vidrio?<\/strong><span class=\"ez-toc-section-end\"><\/span><\/h2>\n\n\n\n<div class=\"wp-block-image\"><figure class=\"aligncenter size-large\"><img loading=\"lazy\" decoding=\"async\" width=\"800\" height=\"400\" src=\"https:\/\/www.megaglass.com.mx\/blog\/wp-content\/uploads\/2021\/02\/ventajas_del_vidrio_en_arquitectura.jpg\" alt=\"el vidrio en la construcci\u00f3n\" class=\"wp-image-2517\" srcset=\"https:\/\/www.megaglass.com.mx\/blog\/wp-content\/uploads\/2021\/02\/ventajas_del_vidrio_en_arquitectura.jpg 800w, https:\/\/www.megaglass.com.mx\/blog\/wp-content\/uploads\/2021\/02\/ventajas_del_vidrio_en_arquitectura-150x75.jpg 150w, https:\/\/www.megaglass.com.mx\/blog\/wp-content\/uploads\/2021\/02\/ventajas_del_vidrio_en_arquitectura-768x384.jpg 768w, https:\/\/www.megaglass.com.mx\/blog\/wp-content\/uploads\/2021\/02\/ventajas_del_vidrio_en_arquitectura-300x150.jpg 300w\" sizes=\"auto, (max-width: 800px) 100vw, 800px\" \/><\/figure><\/div>\n\n\n\n<p>El vidrio en la construcci\u00f3n para fachadas de casas o edificios ofrece diversas ventajas, algunas de estos son:<\/p>\n\n\n\n<ul class=\"wp-block-list\"><li>Brindan seguridad ante impactos o ca\u00eddas.<\/li><li>La c\u00e1mara de aire en el interior brinda un aislamiento ac\u00fastico y aislamiento t\u00e9rmico.<\/li><li>Poseen una fuerte resistencia a las altas temperaturas y factores atmosf\u00e9ricos.<\/li><li>Se mantienen en buenas condiciones durante mucho tiempo.<\/li><\/ul>\n\n\n\n<h3 class=\"wp-block-heading\"><span class=\"ez-toc-section\" id=\"Algunas_desventajas_del_vidrio\"><\/span><strong>Algunas desventajas del vidrio<\/strong><span class=\"ez-toc-section-end\"><\/span><\/h3>\n\n\n\n<p>El muro cortina de vidrio tiene muchas ventajas: dise\u00f1o y est\u00e9tica, amplitud, aislamiento de luminosidad, ruido y temperatura exterior, ahorro energ\u00e9tico, materiales m\u00e1s f\u00e1ciles de limpiar en comparaci\u00f3n con otros materiales, etc.<\/p>\n\n\n\n<p>Sin embargo, tienen algunas desventajas, la m\u00e1s importante es su alto costo,ya que es mucho m\u00e1s caro que otros materiales de construcci\u00f3n. Tambi\u00e9n hay que considerar que el uso de ciertos tipos de vidrios traer\u00e1 consigo una falta de privacidad, por lo que es m\u00e1s com\u00fan usar este tipo de vidrios en edificios para uso profesional que en casas para uso privado.<\/p>\n\n\n\n<h2 class=\"has-text-align-center wp-block-heading\"><span class=\"ez-toc-section\" id=\"%C2%BFNecesitas_una_cotizacion_o_asesoria\"><\/span>\u00bfNecesitas una cotizaci\u00f3n o asesor\u00eda?<span class=\"ez-toc-section-end\"><\/span><\/h2>\n\n\n\n<div class=\"wp-block-buttons alignfull is-content-justification-center is-layout-flex wp-block-buttons-is-layout-flex\">\n<div class=\"wp-block-button\"><a class=\"wp-block-button__link\" href=\"https:\/\/www.megaglass.com.mx\/es\/contacto.php\" target=\"_blank\" rel=\"noreferrer noopener\"><strong>Solicitar Asesor\u00eda o Cotizaci\u00f3n<\/strong><\/a><\/div>\n<\/div>\n","protected":false},"excerpt":{"rendered":"<p>El vidrio tiene un amplio abanico de usos debido a su versatilidad, por sus ventajas se ha convertido en un material ideal para iluminar, esconder o aislar. La raz\u00f3n por la que este material sigue siendo uno de los materiales m\u00e1s utilizados en la construcci\u00f3n son sus usos y una gran variedad de cosas que &hellip;<\/p>\n<p class=\"read-more\"> <a class=\"\" href=\"https:\/\/www.megaglass.com.mx\/blog\/ventajas-del-vidrio\/\"> <span class=\"screen-reader-text\">Ventajas del vidrio en la construcci\u00f3n<\/span> Leer m\u00e1s &raquo;<\/a><\/p>\n","protected":false},"author":1,"featured_media":2519,"parent":0,"menu_order":0,"comment_status":"closed","ping_status":"closed","template":"","meta":{"search_volume":50,"footnotes":""},"interlinks":[4],"class_list":["post-2408","page","type-page","status-publish","has-post-thumbnail","hentry"],"yoast_head":"<!-- This site is optimized with the Yoast SEO plugin v19.5.1 - https:\/\/yoast.com\/wordpress\/plugins\/seo\/ -->\n<title>\u25b7\u3010 Ventajas del vidrio en la construcci\u00f3n \u3011\u2713- Megaglass \u00ae<\/title>\n<meta name=\"robots\" content=\"index, follow, max-snippet:-1, max-image-preview:large, max-video-preview:-1\" \/>\n<link rel=\"canonical\" href=\"https:\/\/www.megaglass.com.mx\/blog\/ventajas-del-vidrio\/\" \/>\n<meta property=\"og:locale\" content=\"es_ES\" \/>\n<meta property=\"og:type\" content=\"article\" \/>\n<meta property=\"og:title\" content=\"\u25b7\u3010 Ventajas del vidrio en la construcci\u00f3n \u3011\u2713- Megaglass \u00ae\" \/>\n<meta property=\"og:description\" content=\"El vidrio tiene un amplio abanico de usos debido a su versatilidad, por sus ventajas se ha convertido en un material ideal para iluminar, esconder o aislar. La raz\u00f3n por la que este material sigue siendo uno de los materiales m\u00e1s utilizados en la construcci\u00f3n son sus usos y una gran variedad de cosas que &hellip; Ventajas del vidrio en la construcci\u00f3n Leer m\u00e1s &raquo;\" \/>\n<meta property=\"og:url\" content=\"https:\/\/www.megaglass.com.mx\/blog\/ventajas-del-vidrio\/\" \/>\n<meta property=\"og:site_name\" content=\"Megaglass\" \/>\n<meta property=\"article:modified_time\" content=\"2021-04-23T17:05:18+00:00\" \/>\n<meta property=\"og:image\" content=\"https:\/\/www.megaglass.com.mx\/blog\/wp-content\/uploads\/2021\/02\/vidrio_construccion_ventajas_desventajas.jpg\" \/>\n\t<meta property=\"og:image:width\" content=\"300\" \/>\n\t<meta property=\"og:image:height\" content=\"150\" \/>\n\t<meta property=\"og:image:type\" content=\"image\/jpeg\" \/>\n<meta name=\"twitter:card\" content=\"summary_large_image\" \/>\n<meta name=\"twitter:label1\" content=\"Tiempo de lectura\" \/>\n\t<meta name=\"twitter:data1\" content=\"4 minutos\" \/>\n<script type=\"application\/ld+json\" class=\"yoast-schema-graph\">{\"@context\":\"https:\/\/schema.org\",\"@graph\":[{\"@type\":\"WebPage\",\"@id\":\"https:\/\/www.megaglass.com.mx\/blog\/ventajas-del-vidrio\/\",\"url\":\"https:\/\/www.megaglass.com.mx\/blog\/ventajas-del-vidrio\/\",\"name\":\"\u25b7\u3010 Ventajas del vidrio en la construcci\u00f3n \u3011\u2713- Megaglass \u00ae\",\"isPartOf\":{\"@id\":\"https:\/\/www.megaglass.com.mx\/blog\/#website\"},\"datePublished\":\"2021-02-11T18:04:46+00:00\",\"dateModified\":\"2021-04-23T17:05:18+00:00\",\"breadcrumb\":{\"@id\":\"https:\/\/www.megaglass.com.mx\/blog\/ventajas-del-vidrio\/#breadcrumb\"},\"inLanguage\":\"es\",\"potentialAction\":[{\"@type\":\"ReadAction\",\"target\":[\"https:\/\/www.megaglass.com.mx\/blog\/ventajas-del-vidrio\/\"]}]},{\"@type\":\"BreadcrumbList\",\"@id\":\"https:\/\/www.megaglass.com.mx\/blog\/ventajas-del-vidrio\/#breadcrumb\",\"itemListElement\":[{\"@type\":\"ListItem\",\"position\":1,\"name\":\"Portada\",\"item\":\"https:\/\/www.megaglass.com.mx\/blog\/\"},{\"@type\":\"ListItem\",\"position\":2,\"name\":\"Ventajas del vidrio en la construcci\u00f3n\"}]},{\"@type\":\"WebSite\",\"@id\":\"https:\/\/www.megaglass.com.mx\/blog\/#website\",\"url\":\"https:\/\/www.megaglass.com.mx\/blog\/\",\"name\":\"Megaglass\",\"description\":\"vidrio de alto performance\",\"potentialAction\":[{\"@type\":\"SearchAction\",\"target\":{\"@type\":\"EntryPoint\",\"urlTemplate\":\"https:\/\/www.megaglass.com.mx\/blog\/?s={search_term_string}\"},\"query-input\":\"required name=search_term_string\"}],\"inLanguage\":\"es\"}]}<\/script>\n<!-- \/ Yoast SEO plugin. -->","yoast_head_json":{"title":"\u25b7\u3010 Ventajas del vidrio en la construcci\u00f3n \u3011\u2713- Megaglass \u00ae","robots":{"index":"index","follow":"follow","max-snippet":"max-snippet:-1","max-image-preview":"max-image-preview:large","max-video-preview":"max-video-preview:-1"},"canonical":"https:\/\/www.megaglass.com.mx\/blog\/ventajas-del-vidrio\/","og_locale":"es_ES","og_type":"article","og_title":"\u25b7\u3010 Ventajas del vidrio en la construcci\u00f3n \u3011\u2713- Megaglass \u00ae","og_description":"El vidrio tiene un amplio abanico de usos debido a su versatilidad, por sus ventajas se ha convertido en un material ideal para iluminar, esconder o aislar. La raz\u00f3n por la que este material sigue siendo uno de los materiales m\u00e1s utilizados en la construcci\u00f3n son sus usos y una gran variedad de cosas que &hellip; Ventajas del vidrio en la construcci\u00f3n Leer m\u00e1s &raquo;","og_url":"https:\/\/www.megaglass.com.mx\/blog\/ventajas-del-vidrio\/","og_site_name":"Megaglass","article_modified_time":"2021-04-23T17:05:18+00:00","og_image":[{"width":300,"height":150,"url":"https:\/\/www.megaglass.com.mx\/blog\/wp-content\/uploads\/2021\/02\/vidrio_construccion_ventajas_desventajas.jpg","type":"image\/jpeg"}],"twitter_card":"summary_large_image","twitter_misc":{"Tiempo de lectura":"4 minutos"},"schema":{"@context":"https:\/\/schema.org","@graph":[{"@type":"WebPage","@id":"https:\/\/www.megaglass.com.mx\/blog\/ventajas-del-vidrio\/","url":"https:\/\/www.megaglass.com.mx\/blog\/ventajas-del-vidrio\/","name":"\u25b7\u3010 Ventajas del vidrio en la construcci\u00f3n \u3011\u2713- Megaglass \u00ae","isPartOf":{"@id":"https:\/\/www.megaglass.com.mx\/blog\/#website"},"datePublished":"2021-02-11T18:04:46+00:00","dateModified":"2021-04-23T17:05:18+00:00","breadcrumb":{"@id":"https:\/\/www.megaglass.com.mx\/blog\/ventajas-del-vidrio\/#breadcrumb"},"inLanguage":"es","potentialAction":[{"@type":"ReadAction","target":["https:\/\/www.megaglass.com.mx\/blog\/ventajas-del-vidrio\/"]}]},{"@type":"BreadcrumbList","@id":"https:\/\/www.megaglass.com.mx\/blog\/ventajas-del-vidrio\/#breadcrumb","itemListElement":[{"@type":"ListItem","position":1,"name":"Portada","item":"https:\/\/www.megaglass.com.mx\/blog\/"},{"@type":"ListItem","position":2,"name":"Ventajas del vidrio en la construcci\u00f3n"}]},{"@type":"WebSite","@id":"https:\/\/www.megaglass.com.mx\/blog\/#website","url":"https:\/\/www.megaglass.com.mx\/blog\/","name":"Megaglass","description":"vidrio de alto performance","potentialAction":[{"@type":"SearchAction","target":{"@type":"EntryPoint","urlTemplate":"https:\/\/www.megaglass.com.mx\/blog\/?s={search_term_string}"},"query-input":"required name=search_term_string"}],"inLanguage":"es"}]}},"_links":{"self":[{"href":"https:\/\/www.megaglass.com.mx\/blog\/wp-json\/wp\/v2\/pages\/2408","targetHints":{"allow":["GET"]}}],"collection":[{"href":"https:\/\/www.megaglass.com.mx\/blog\/wp-json\/wp\/v2\/pages"}],"about":[{"href":"https:\/\/www.megaglass.com.mx\/blog\/wp-json\/wp\/v2\/types\/page"}],"author":[{"embeddable":true,"href":"https:\/\/www.megaglass.com.mx\/blog\/wp-json\/wp\/v2\/users\/1"}],"replies":[{"embeddable":true,"href":"https:\/\/www.megaglass.com.mx\/blog\/wp-json\/wp\/v2\/comments?post=2408"}],"version-history":[{"count":7,"href":"https:\/\/www.megaglass.com.mx\/blog\/wp-json\/wp\/v2\/pages\/2408\/revisions"}],"predecessor-version":[{"id":2888,"href":"https:\/\/www.megaglass.com.mx\/blog\/wp-json\/wp\/v2\/pages\/2408\/revisions\/2888"}],"wp:featuredmedia":[{"embeddable":true,"href":"https:\/\/www.megaglass.com.mx\/blog\/wp-json\/wp\/v2\/media\/2519"}],"wp:attachment":[{"href":"https:\/\/www.megaglass.com.mx\/blog\/wp-json\/wp\/v2\/media?parent=2408"}],"wp:term":[{"taxonomy":"interlinks","embeddable":true,"href":"https:\/\/www.megaglass.com.mx\/blog\/wp-json\/wp\/v2\/interlinks?post=2408"}],"curies":[{"name":"wp","href":"https:\/\/api.w.org\/{rel}","templated":true}]}}